{"id":856,"date":"2016-04-14T02:51:54","date_gmt":"2016-04-14T01:51:54","guid":{"rendered":"http:\/\/tajotoledo.es\/?page_id=856"},"modified":"2016-04-25T23:10:58","modified_gmt":"2016-04-25T22:10:58","slug":"jornada-de-formacion-ambiental-de-voluntariado","status":"publish","type":"page","link":"http:\/\/tajotoledo.es\/?page_id=856","title":{"rendered":"Jornada de formaci\u00f3n ambiental de voluntariado."},"content":{"rendered":"<div style=\"text-align: justify;\"><a href=\"http:\/\/tajotoledo.es\/wp-content\/uploads\/2016\/04\/Cartel-voluntajo.bmp\" rel=\"attachment wp-att-853\"><img loading=\"lazy\" class=\"alignleft size-full wp-image-853\" src=\"http:\/\/tajotoledo.es\/wp-content\/uploads\/2016\/04\/Cartel-voluntajo.bmp\" alt=\"Cartel voluntajo\" width=\"360\" height=\"480\" \/><\/a>Hemos dise\u00f1ado una segunda Jornada formativa de voluntariado, m\u00e1s espec\u00edfica para el voluntariado ambiental y m\u00e1s campestre pero, como siempre, abierta a cualquier persona que quiera colaborar o participar en las actividades de la Plataforma.<\/div>\n<div style=\"text-align: justify;\"><\/div>\n<div style=\"text-align: justify;\">\u00bfTe animas?.<\/div>\n<div style=\"text-align: justify;\"><\/div>\n<div style=\"text-align: justify;\">Nos hemos citado el domingo 17 de abril en el Molino de Santa Ana a las 10:30.\u00a0 La actividad la desarrollaremos durante toda la ma\u00f1ana en la senda ecol\u00f3gica. Acabaremos a las 14:30 y no esperamos lluvia.<\/div>\n<div style=\"text-align: justify;\"><\/div>\n<div style=\"text-align: justify;\">El plan de actividades incluye:<\/div>\n<div style=\"text-align: justify;\"><\/div>\n<ul style=\"text-align: justify;\">\n<li>Medici\u00f3n de par\u00e1metros f\u00edsico-qu\u00edmicos del agua.<\/li>\n<li>Aproximaci\u00f3n a la hidromorfolog\u00eda del cauce.<\/li>\n<li>Identificaci\u00f3n de posibles impactos en la senda ecol\u00f3gica.<\/li>\n<li>Identificaci\u00f3n de avifauna del Tajo.<\/li>\n<\/ul>\n<div style=\"text-align: justify;\"><\/div>\n<div style=\"text-align: justify;\">Para la medici\u00f3n de par\u00e1metros f\u00edsico-qu\u00edmicos\u00a0 usaremos un kit de muestras pero para la observaci\u00f3n de p\u00e1jaros debemos llevar cada cual unos prism\u00e1ticos. Si alguien tiene m\u00e1s de un juego, que lo traiga tambi\u00e9n porque, aunque <a href=\"http:\/\/tajotoledo.es\/?page_id=406\" target=\"_blank\">conviene que nos apuntemos<\/a>, podr\u00edamos ser una multitud inesperada.<\/div>\n<div style=\"text-align: justify;\"><\/div>\n<div style=\"text-align: justify;\">Ahora s\u00f3lo falta que lo divulgues y no faltes. Te esperamos.<\/div>\n<div style=\"text-align: justify;\"><\/div>\n<div style=\"text-align: justify;\"><\/div>\n<\/p>\n<div style=\"text-align: justify; padding-left: 120px;\"><strong><a href=\"http:\/\/tajotoledo.es\/wp-content\/uploads\/2016\/04\/Cr\u00f3nica%20de%20la%20Jornada%20de%20Voluntariado%20Ambiental%2017-04-2016.pdf\" target=\"_blank\">Cr\u00f3nica de la jornada<\/a>\u00a0\u00a0\u00a0\u00a0\u00a0\u00a0\u00a0\u00a0\u00a0\u00a0\u00a0\u00a0\u00a0\u00a0\u00a0\u00a0\u00a0\u00a0\u00a0\u00a0\u00a0\u00a0\u00a0\u00a0\u00a0\u00a0\u00a0\u00a0\u00a0\u00a0\u00a0\u00a0\u00a0\u00a0\u00a0\u00a0\u00a0\u00a0\u00a0\u00a0\u00a0\u00a0\u00a0\u00a0\u00a0\u00a0\u00a0\u00a0\u00a0\u00a0\u00a0\u00a0\u00a0\u00a0\u00a0\u00a0\u00a0\u00a0\u00a0\u00a0\u00a0\u00a0\u00a0\u00a0\u00a0\u00a0\u00a0\u00a0\u00a0\u00a0\u00a0\u00a0\u00a0\u00a0\u00a0\u00a0 <a href=\"http:\/\/tajotoledo.es\/wp-content\/uploads\/2016\/04\/Galeria%20fotos%20formaci\u00f3n%20ambiental%2017-04-2016.pdf\" target=\"_blank\">Galer\u00eda de fotos<\/a><\/strong><\/div>\n<div style=\"text-align: justify; padding-left: 60px;\"><strong>\u00a0<\/strong><\/div>\n<div style=\"text-align: justify;\"><\/div>\n","protected":false},"excerpt":{"rendered":"<p>Hemos dise\u00f1ado una segunda Jornada formativa de voluntariado, m\u00e1s espec\u00edfica para el voluntariado ambiental y m\u00e1s campestre pero, como siempre, abierta a cualquier persona que quiera colaborar o participar en las actividades de la Plataforma. \u00bfTe animas?. Nos hemos citado &hellip; <a href=\"http:\/\/tajotoledo.es\/?page_id=856\">Continuar<\/a><\/p>\n","protected":false},"author":3,"featured_media":0,"parent":0,"menu_order":0,"comment_status":"closed","ping_status":"closed","template":"page-feature.php","meta":[],"_links":{"self":[{"href":"http:\/\/tajotoledo.es\/index.php?rest_route=\/wp\/v2\/pages\/856"}],"collection":[{"href":"http:\/\/tajotoledo.es\/index.php?rest_route=\/wp\/v2\/pages"}],"about":[{"href":"http:\/\/tajotoledo.es\/index.php?rest_route=\/wp\/v2\/types\/page"}],"author":[{"embeddable":true,"href":"http:\/\/tajotoledo.es\/index.php?rest_route=\/wp\/v2\/users\/3"}],"replies":[{"embeddable":true,"href":"http:\/\/tajotoledo.es\/index.php?rest_route=%2Fwp%2Fv2%2Fcomments&post=856"}],"version-history":[{"count":8,"href":"http:\/\/tajotoledo.es\/index.php?rest_route=\/wp\/v2\/pages\/856\/revisions"}],"predecessor-version":[{"id":932,"href":"http:\/\/tajotoledo.es\/index.php?rest_route=\/wp\/v2\/pages\/856\/revisions\/932"}],"wp:attachment":[{"href":"http:\/\/tajotoledo.es\/index.php?rest_route=%2Fwp%2Fv2%2Fmedia&parent=856"}],"curies":[{"name":"wp","href":"https:\/\/api.w.org\/{rel}","templated":true}]}}

Jornada de formación ambiental de voluntariado.

<div style="text-align: justify;"><a href="http://tajotoledo.es/wp-content/uploads/2016/04/Cartel-voluntajo.bmp" rel="attachment wp-att-853"><img loading="lazy" class="alignleft size-full wp-image-853" src="http://tajotoledo.es/wp-content/uploads/2016/04/Cartel-voluntajo.bmp" alt="Cartel voluntajo" width="360" height="480" /></a>Hemos diseñado una segunda Jornada formativa de voluntariado, más específica para el voluntariado ambiental y más campestre pero, como siempre, abierta a cualquier persona que quiera colaborar o participar en las actividades de la Plataforma.</div>
<div style="text-align: justify;"></div>
<div style="text-align: justify;">¿Te animas?.</div>
<div style="text-align: justify;"></div>
<div style="text-align: justify;">Nos hemos citado el domingo 17 de abril en el Molino de Santa Ana a las 10:30.  La actividad la desarrollaremos durante toda la mañana en la senda ecológica. Acabaremos a las 14:30 y no esperamos lluvia.</div>
<div style="text-align: justify;"></div>
<div style="text-align: justify;">El plan de actividades incluye:</div>
<div style="text-align: justify;"></div>
<ul style="text-align: justify;">
<li>Medición de parámetros físico-químicos del agua.</li>
<li>Aproximación a la hidromorfología del cauce.</li>
<li>Identificación de posibles impactos en la senda ecológica.</li>
<li>Identificación de avifauna del Tajo.</li>
</ul>
<div style="text-align: justify;"></div>
<div style="text-align: justify;">Para la medición de parámetros físico-químicos  usaremos un kit de muestras pero para la observación de pájaros debemos llevar cada cual unos prismáticos. Si alguien tiene más de un juego, que lo traiga también porque, aunque <a href="http://tajotoledo.es/?page_id=406" target="_blank">conviene que nos apuntemos</a>, podríamos ser una multitud inesperada.</div>
<div style="text-align: justify;"></div>
<div style="text-align: justify;">Ahora sólo falta que lo divulgues y no faltes. Te esperamos.</div>
<div style="text-align: justify;"></div>
<div style="text-align: justify;"></div>
</p>
<div style="text-align: justify; padding-left: 120px;"><strong><a href="http://tajotoledo.es/wp-content/uploads/2016/04/Crónica%20de%20la%20Jornada%20de%20Voluntariado%20Ambiental%2017-04-2016.pdf" target="_blank">Crónica de la jornada</a>                                                                             <a href="http://tajotoledo.es/wp-content/uploads/2016/04/Galeria%20fotos%20formación%20ambiental%2017-04-2016.pdf" target="_blank">Galería de fotos</a></strong></div>
<div style="text-align: justify; padding-left: 60px;"><strong> </strong></div>
<div style="text-align: justify;"></div>

<p>Hemos diseñado una segunda Jornada formativa de voluntariado, más específica para el voluntariado ambiental y más campestre pero, como siempre, abierta a cualquier persona que quiera colaborar o participar en las actividades de la Plataforma. ¿Te animas?. Nos hemos citado &hellip; <a href="http://tajotoledo.es/?page_id=856">Continuar</a></p>
