{"id":809,"date":"2016-03-27T14:27:43","date_gmt":"2016-03-27T13:27:43","guid":{"rendered":"http:\/\/tajotoledo.es\/?page_id=809"},"modified":"2016-03-30T10:48:55","modified_gmt":"2016-03-30T09:48:55","slug":"conferencia-del-ciclo-uclm-rft-2016","status":"publish","type":"page","link":"http:\/\/tajotoledo.es\/?page_id=809","title":{"rendered":"Conferencia del ciclo UCLM Investigando el Tajo"},"content":{"rendered":"<p><a href=\"http:\/\/tajotoledo.es\/wp-content\/uploads\/2016\/03\/Cartel-Sastre-UCLM-RFT.bmp\" rel=\"attachment wp-att-810\"><img loading=\"lazy\" class=\"alignleft wp-image-810\" src=\"http:\/\/tajotoledo.es\/wp-content\/uploads\/2016\/03\/Cartel-Sastre-UCLM-RFT.bmp\" alt=\"Cartel Sastre UCLM-RFT\" width=\"297\" height=\"396\" \/><\/a><\/p>\n<p><strong>SOBRE EL CONFERENCIANTE<\/strong><\/p>\n<p style=\"text-align: justify;\">Licenciado en Ciencias Geol\u00f3gicas y Doctor en Hidrogeolog\u00eda por la Universidad Complutense de Madrid.<\/p>\n<p style=\"text-align: justify;\">Investido Doctor Honoris Causa por la Universidad Aut\u00f3noma de Baja California, es autor o coautor de una treintena de publicaciones cient\u00edficas entre las que destacan diferentes estudios en los que intervienen procesos de hidrogeosedimentaci\u00f3n, aspectos medioambientales, tr\u00f3ficos e hidrol\u00f3gicos, el uso de agua regenerada, la calidad de las aguas subterr\u00e1neas o sobre el uso y disfrute de la naturaleza en relaci\u00f3n a la did\u00e1ctica de la Geol\u00f3g\u00eda.<\/p>\n<p style=\"text-align: justify;\">Profesor Titular de Geodin\u00e1mica Externa, adscrito al Departamento de Geolog\u00eda, Geograf\u00eda y Medio Ambiente de la Universidad de Alcal\u00e1, del que ha sido Director en diversos mandatos.<\/p>\n<p style=\"text-align: justify;\">Impulsor de los estudios de Ciencias Ambientales en la Universidad de Alcal\u00e1, como Licenciatura primero y como Grado despu\u00e9s, habiendo sido Decano fundador de la Facultad de Ciencias Ambientales de la misma (la primera en Espa\u00f1a, junto con la de Granada y Aut\u00f3noma de Barcelona en incorporar estos estudios como una ense\u00f1anza oficial).<\/p>\n<p style=\"text-align: justify;\">En la actualidad imparte las asignaturas de \u201cHidrolog\u00eda e Hidrogeolog\u00eda\u201d, \u201dT\u00e9cnicas Aplicadas a los Trabajos de Campo\u201d, \u201cGesti\u00f3n y Conservaci\u00f3n de los Recursos Naturales\u201d (Gesti\u00f3n del Agua) y \u201cEvaluaci\u00f3n el Impacto Ambiental\u201d en el Grado en Ciencias Ambientales de la Universidad de Alcal\u00e1.<\/p>\n<p style=\"text-align: justify;\">Su labor investigadora ha estado centrada en la incidencia ambiental de las aguas subterr\u00e1neas y, particularmente en los humedales, siendo autor de un buen n\u00famero de publicaciones, una parte de ellas en revistas cient\u00edficas indexadas.<\/p>\n<p style=\"text-align: justify;\">Ha desarrollado una intensa labor de investigaci\u00f3n cooperativa con diversos pa\u00edses iberoamericanos, particularmente Argentina y M\u00e9xico, pa\u00eds \u00e9ste que en los \u00faltimos diez a\u00f1os viene polarizando su actividad de cooperaci\u00f3n acad\u00e9mica y cient\u00edfica internacional. En los \u00faltimos dos a\u00f1os se ha unido a aqu\u00e9llos la Rep\u00fablica de Ecuador.<\/p>\n<p style=\"text-align: justify;\">Ha sido director de los cursos de especializaci\u00f3n sobre Gesti\u00f3n del Medio Ambiente y de los Recursos Naturales, organizados por el Instituto Nacional de la Administraci\u00f3n P\u00fablica (antiguo Ministerio de Administraciones P\u00fablicas) y la Agencia Espa\u00f1ola de Cooperaci\u00f3n Internacional para el Desarrollo, dirigidos a funcionarios de las diversas administraciones ambientales de los pa\u00edses iberoamericanos.<\/p>\n<p style=\"text-align: justify;\">En la actualidad es Presidente de la Asociaci\u00f3n \u201cOjos del Guadiana Vivos\u201d, cuya actividad se centra en la salvaguarda de los humedales manchegos en general y de las Tablas de Daimiel en particular.<\/p>\n<p style=\"text-align: justify;\">\n<p style=\"text-align: justify;\">\u00a0<strong>SINOPSIS<\/strong><\/p>\n<p style=\"text-align: justify;\">Las aguas subterr\u00e1neas en la cuenca del Tajo han jugado un papel destacado en la satisfacci\u00f3n de las demandas del abastecimiento urbano, tanto de n\u00facleos de poblaci\u00f3n relevantes \u2013como el propio caso de la ciudad de Madrid- como de poblaciones rurales de menor entidad, adem\u00e1s de ser utilizadas para transformaciones en regad\u00edo de peque\u00f1o o medio calado. No obstante, en los \u00faltimos a\u00f1os ha ganado terreno el recurso a las aguas superficiales para estos menesteres. Sin embargo, el conurbano de Madrid sigue contando con las aguas subterr\u00e1neas para afrontar los episodios de sequ\u00edas, que se anuncian como cada vez m\u00e1s frecuentes y acusadas seg\u00fan todas las previsiones de variaci\u00f3n clim\u00e1tica futura a medio plazo.<\/p>\n<p style=\"text-align: justify;\">Frente a esta consideraci\u00f3n tradicional como recurso h\u00eddrico, en los \u00faltimos a\u00f1os ha ido cobrando cuerpo la consideraci\u00f3n de las mismas como patrimonio ambiental, del que dependen muchos paisajes del agua y genuinos humedales que aunque no puedan ser considerados como espectaculares, si contribuyen a un notable grado de biodiversidad en el territorio de la demarcaci\u00f3n. Las declaraciones de protecci\u00f3n que las administraciones competentes han promovido y, m\u00e1s recientemente las derivadas de la vertebraci\u00f3n de la Red Natura 2000, precisan integrar con efectividad los condicionantes h\u00eddricos de esos espacios protegidos en el plan de gesti\u00f3n (2016-2021) del agua de la cuenca recientemente aprobado, configur\u00e1ndose tal prop\u00f3sito como un objetivo significado de aqu\u00e9l.<\/p>\n<p style=\"text-align: justify;\">Por otro lado, los sistemas de captaci\u00f3n de las aguas subterr\u00e1neas emergentes desde las diferentes unidades hidrogeol\u00f3gicas, habilitados en la cuenca desde el tiempo de los romanos y, muy especialmente durante la presencia \u00e1rabe, configuran un notable patrimonio cultural que ha merecido en algunos casos su protecci\u00f3n como Bienes de Inter\u00e9s Cultural propiamente dichos.<\/p>\n","protected":false},"excerpt":{"rendered":"<p>SOBRE EL CONFERENCIANTE Licenciado en Ciencias Geol\u00f3gicas y Doctor en Hidrogeolog\u00eda por la Universidad Complutense de Madrid. Investido Doctor Honoris Causa por la Universidad Aut\u00f3noma de Baja California, es autor o coautor de una treintena de publicaciones cient\u00edficas entre las &hellip; <a href=\"http:\/\/tajotoledo.es\/?page_id=809\">Continuar<\/a><\/p>\n","protected":false},"author":3,"featured_media":0,"parent":0,"menu_order":0,"comment_status":"closed","ping_status":"closed","template":"page-feature.php","meta":[],"_links":{"self":[{"href":"http:\/\/tajotoledo.es\/index.php?rest_route=\/wp\/v2\/pages\/809"}],"collection":[{"href":"http:\/\/tajotoledo.es\/index.php?rest_route=\/wp\/v2\/pages"}],"about":[{"href":"http:\/\/tajotoledo.es\/index.php?rest_route=\/wp\/v2\/types\/page"}],"author":[{"embeddable":true,"href":"http:\/\/tajotoledo.es\/index.php?rest_route=\/wp\/v2\/users\/3"}],"replies":[{"embeddable":true,"href":"http:\/\/tajotoledo.es\/index.php?rest_route=%2Fwp%2Fv2%2Fcomments&post=809"}],"version-history":[{"count":6,"href":"http:\/\/tajotoledo.es\/index.php?rest_route=\/wp\/v2\/pages\/809\/revisions"}],"predecessor-version":[{"id":824,"href":"http:\/\/tajotoledo.es\/index.php?rest_route=\/wp\/v2\/pages\/809\/revisions\/824"}],"wp:attachment":[{"href":"http:\/\/tajotoledo.es\/index.php?rest_route=%2Fwp%2Fv2%2Fmedia&parent=809"}],"curies":[{"name":"wp","href":"https:\/\/api.w.org\/{rel}","templated":true}]}}