{"id":672,"date":"2016-02-29T02:20:10","date_gmt":"2016-02-29T01:20:10","guid":{"rendered":"http:\/\/tajotoledo.es\/?page_id=672"},"modified":"2016-03-26T23:11:05","modified_gmt":"2016-03-26T22:11:05","slug":"grupos-de-voluntariado","status":"publish","type":"page","link":"http:\/\/tajotoledo.es\/?page_id=672","title":{"rendered":"Voluntariado"},"content":{"rendered":"<p style=\"text-align: justify;\"><strong><a href=\"http:\/\/tajotoledo.es\/wp-content\/uploads\/2016\/02\/Taller-de-pancartas.jpg\" rel=\"attachment wp-att-675\"><img loading=\"lazy\" class=\"alignleft size-medium wp-image-675\" src=\"http:\/\/tajotoledo.es\/wp-content\/uploads\/2016\/02\/Taller-de-pancartas-300x169.jpg\" alt=\"Taller de pancartas\" width=\"450\" height=\"254\" srcset=\"http:\/\/tajotoledo.es\/wp-content\/uploads\/2016\/02\/Taller-de-pancartas-300x169.jpg 300w, http:\/\/tajotoledo.es\/wp-content\/uploads\/2016\/02\/Taller-de-pancartas-768x432.jpg 768w, http:\/\/tajotoledo.es\/wp-content\/uploads\/2016\/02\/Taller-de-pancartas-1024x576.jpg 1024w\" sizes=\"(max-width: 450px) 100vw, 450px\" \/><\/a>El voluntariado es la m\u00e1xima expresi\u00f3n de participaci\u00f3n en la consecuci\u00f3n de los objetivos<\/strong> de cualquier colectivo social. Lejos de ser una opci\u00f3n personal de ocio, el voluntariado contribuye al fortalecimiento del desarrollo social y del conocimiento <strong>con los que la sociedad puede responder a sus propios desaf\u00edos del modo m\u00e1s justo, solidario, sostenible y autocr\u00edtico.<\/strong><\/p>\n<p style=\"text-align: justify;\">En la Plataforma de Toledo en Defensa del Tajo se han creado tres grupos de voluntariado bien diferenciados, aunque cualquier persona voluntaria puede participar simultaneamente de la actividad de cualquiera de ellos.<\/p>\n<p style=\"text-align: justify;\"><strong>El voluntariado ambiental<\/strong> pretende aportar conocimiento y experiencias que sirvan para:<\/p>\n<ul>\n<li style=\"text-align: justify;\">Detectar toda clase de impactos que supongan una amenaza para la buena supervivencia de nuestros ecosistemas acu\u00e1ticos y denunciarlos oportunamente ante la instancia que corresponda.<\/li>\n<li style=\"text-align: justify;\">Proponer soluciones y mejoras orientadas a la mejor conservaci\u00f3n de nuestras masas de agua y de su entorno, as\u00ed como posibilitar el mejor disfrute sostenible del medio ambiente.<\/li>\n<li style=\"text-align: justify;\">Planificar actividades de conocimiento y sensibilizaci\u00f3n social acerca del funcionamiento de nuestros ecosistemas acu\u00e1ticos.<\/li>\n<\/ul>\n<p style=\"text-align: justify;\">Para llevar a cabo estas actividades, la Plataforma <strong>necesita de personal<\/strong> voluntario suficientemente <strong>cualificado en temas ambientales.<\/strong><\/p>\n<p style=\"text-align: justify;\"><strong>El voluntariado tur\u00edstico pretende visibilizar<\/strong> a la poblaci\u00f3n for\u00e1nea los <strong>problemas que amenazan la vida del Tajo<\/strong> en nuestra ciudad y entornos m\u00e1s inmediatos, e implicarles en su conocimiento para que contribuyan, con su repulsa, quejas y denuncia, a la toma de decisiones por parte de las administraciones en beneficio de la salud de nuestros r\u00edos. B\u00e1sicamente, su actividad se centrar\u00e1 en atender mesas informativas <strong>en aquellos lugares frecuentados por el turismo<\/strong> desde los que la visi\u00f3n del Tajo tenga especial inter\u00e9s. <strong>Es necesario<\/strong> contar con personas voluntarias capacitadas para <strong>desenvolverse en varios idiomas<\/strong>. Se trata de un voluntariado que contar\u00e1 tambi\u00e9n con una componente activista presencial.<\/p>\n<p style=\"text-align: justify;\"><strong>El voluntariado institucional<\/strong> o legal servir\u00e1 <strong>para canalizar oportunamente las quejas, demandas, denuncias y sugerencias que haya lugar hacia las instituciones competentes<\/strong>. A pesar del nombre dado a este grupo de voluntariado, no es necesario que las personas que lo compongan tengan cualificaci\u00f3n alguna en materia procedimental o del derecho. Tambi\u00e9n este voluntariado tiene un caracter de activismo, aunque no presencial.<\/p>\n<p style=\"text-align: justify;\"><strong>Estas actividades de voluntariado estar\u00e1n precedidas de la necesaria <a href=\"http:\/\/tajotoledo.es\/?page_id=736\">formaci\u00f3n<\/a> com\u00fan y la espec\u00edfica para cada grupo.<\/strong><\/p>\n<p style=\"text-align: justify;\">Aparte de estos grupos espec\u00edficos de voluntariado, la Plataforma necesita contar con personas voluntarias para llevar a cabo muchas otras tareas, desde el dise\u00f1o de una pancarta a la dinamizaci\u00f3n de actos de calle.<\/p>\n<p style=\"text-align: justify;\">Puede que en la Plataforma de Toledo en Defensa del Tajo encuentres el voluntariado que te permita expresar y canalizar tus deseos de contribuir a mejorar la sociedad en la que vives. <a href=\"http:\/\/tajotoledo.es\/?page_id=396\">Cont\u00e1ctanos<\/a> y te informaremos.<\/p>\n<p style=\"text-align: justify;\">\n","protected":false},"excerpt":{"rendered":"<p>El voluntariado es la m\u00e1xima expresi\u00f3n de participaci\u00f3n en la consecuci\u00f3n de los objetivos de cualquier colectivo social. Lejos de ser una opci\u00f3n personal de ocio, el voluntariado contribuye al fortalecimiento del desarrollo social y del conocimiento con los que &hellip; <a href=\"http:\/\/tajotoledo.es\/?page_id=672\">Continuar<\/a><\/p>\n","protected":false},"author":3,"featured_media":675,"parent":194,"menu_order":0,"comment_status":"closed","ping_status":"closed","template":"page-feature.php","meta":[],"_links":{"self":[{"href":"http:\/\/tajotoledo.es\/index.php?rest_route=\/wp\/v2\/pages\/672"}],"collection":[{"href":"http:\/\/tajotoledo.es\/index.php?rest_route=\/wp\/v2\/pages"}],"about":[{"href":"http:\/\/tajotoledo.es\/index.php?rest_route=\/wp\/v2\/types\/page"}],"author":[{"embeddable":true,"href":"http:\/\/tajotoledo.es\/index.php?rest_route=\/wp\/v2\/users\/3"}],"replies":[{"embeddable":true,"href":"http:\/\/tajotoledo.es\/index.php?rest_route=%2Fwp%2Fv2%2Fcomments&post=672"}],"version-history":[{"count":9,"href":"http:\/\/tajotoledo.es\/index.php?rest_route=\/wp\/v2\/pages\/672\/revisions"}],"predecessor-version":[{"id":806,"href":"http:\/\/tajotoledo.es\/index.php?rest_route=\/wp\/v2\/pages\/672\/revisions\/806"}],"up":[{"embeddable":true,"href":"http:\/\/tajotoledo.es\/index.php?rest_route=\/wp\/v2\/pages\/194"}],"wp:featuredmedia":[{"embeddable":true,"href":"http:\/\/tajotoledo.es\/index.php?rest_route=\/wp\/v2\/media\/675"}],"wp:attachment":[{"href":"http:\/\/tajotoledo.es\/index.php?rest_route=%2Fwp%2Fv2%2Fmedia&parent=672"}],"curies":[{"name":"wp","href":"https:\/\/api.w.org\/{rel}","templated":true}]}}