{"id":444,"date":"2015-06-07T21:33:28","date_gmt":"2015-06-07T20:33:28","guid":{"rendered":"http:\/\/tajotoledo.es\/?page_id=444"},"modified":"2018-03-09T12:25:05","modified_gmt":"2018-03-09T11:25:05","slug":"exposiciones","status":"publish","type":"page","link":"http:\/\/tajotoledo.es\/?page_id=444","title":{"rendered":"Exposiciones"},"content":{"rendered":"<p style=\"text-align: justify;\">La Plataforma de Toledo en Defensa del Tajo es depositaria de la <a href=\"\/wp-content\/uploads\/2017\/02\/INFORME%20SOBRE%20LA%20EXPOSICI%C3%93N.pdf\" target=\"_blank\" rel=\"noopener noreferrer\">Exposici\u00f3n Itinerante \u201cEl Tajo, la asignatura pendiente\u201d<\/a>, promovida por la Comisi\u00f3n de Salud, Prevenci\u00f3n y Medio Ambiente de la Facultad de Ciencias Jur\u00eddicas y Sociales de la UCLM en Toledo y el Grupo de Investigaci\u00f3n del Tajo de la UCLM, y confeccionada con la colaboraci\u00f3n de la Plataforma.<a href=\"http:\/\/tajotoledo.es\/wp-content\/uploads\/2015\/06\/P1.jpg\" rel=\"attachment wp-att-577\"><img loading=\"lazy\" class=\"alignleft size-medium wp-image-577\" src=\"http:\/\/tajotoledo.es\/wp-content\/uploads\/2015\/06\/P1-300x167.jpg\" alt=\"P1\" width=\"300\" height=\"167\" srcset=\"http:\/\/tajotoledo.es\/wp-content\/uploads\/2015\/06\/P1-300x167.jpg 300w, http:\/\/tajotoledo.es\/wp-content\/uploads\/2015\/06\/P1-768x426.jpg 768w, http:\/\/tajotoledo.es\/wp-content\/uploads\/2015\/06\/P1-1024x569.jpg 1024w, http:\/\/tajotoledo.es\/wp-content\/uploads\/2015\/06\/P1.jpg 1212w\" sizes=\"(max-width: 300px) 100vw, 300px\" \/><\/a><br \/>\n<a href=\"\/wp-content\/uploads\/2017\/05\/DESCRIPCI%C3%93N%20DE%20LA%20EXPOSICI%C3%93N.pdf\" target=\"_blank\" rel=\"noopener noreferrer\">Consta de 22 paneles con 35 fotograf\u00edas comentadas<\/a> y recogidas a lo largo de toda la cuenca, desde su nacimiento hasta su desembocadura en Portugal.<br \/>\nLa exposici\u00f3n est\u00e1 a disposici\u00f3n de cualquier colectivo o instituci\u00f3n que desee divulgarla o trabajar con ella en sus instalaciones. La Plataforma ofrece charlas y talleres de discusi\u00f3n y debate, as\u00ed como breves explicaciones a modo de ruta guiada a trav\u00e9s de sus paneles.<br \/>\nPuede solicitarse por correo electr\u00f3nico a trav\u00e9s del apartado de <a href=\"http:\/\/tajotoledo.es\/?page_id=406\" target=\"_blank\" rel=\"noopener noreferrer\">contacto<\/a> en esta p\u00e1gina o a platodetajo@gmail.com. La Plataforma se ocupa de instalarla y desinstalarla gratuitamente y su pr\u00e9stamo no comporta coste alguno.<br \/>\nSe puede descargar una versi\u00f3n PDF en baja resoluci\u00f3n en este <a title=\"Expo PDF baja\" href=\"\/wp-content\/uploads\/2017\/11\/EXPO%20TAJO-UCLM%20225x125%20baja.pdf\" target=\"_blank\" rel=\"noopener noreferrer\"> enlace<\/a>.<\/p>\n<p style=\"text-align: justify;\"><a href=\"\/wp-content\/uploads\/2018\/01\/CALENDARIO%20DE%20EXPOSICIONES%202018.pdf\" target=\"_blank\" rel=\"noopener noreferrer\">Aqu\u00ed se puede consultar el calendario<\/a> de ocupaci\u00f3n y las fechas libres. Actualmente est\u00e1 expuesta en la Casa de la Cultura de Sonseca (Toledo) hasta el 16 de marzo.<\/p>\n","protected":false},"excerpt":{"rendered":"<p>La Plataforma de Toledo en Defensa del Tajo es depositaria de la Exposici\u00f3n Itinerante \u201cEl Tajo, la asignatura pendiente\u201d, promovida por la Comisi\u00f3n de Salud, Prevenci\u00f3n y Medio Ambiente de la Facultad de Ciencias Jur\u00eddicas y Sociales de la UCLM &hellip; <a href=\"http:\/\/tajotoledo.es\/?page_id=444\">Continuar<\/a><\/p>\n","protected":false},"author":2,"featured_media":0,"parent":0,"menu_order":0,"comment_status":"open","ping_status":"open","template":"page-feature.php","meta":[],"_links":{"self":[{"href":"http:\/\/tajotoledo.es\/index.php?rest_route=\/wp\/v2\/pages\/444"}],"collection":[{"href":"http:\/\/tajotoledo.es\/index.php?rest_route=\/wp\/v2\/pages"}],"about":[{"href":"http:\/\/tajotoledo.es\/index.php?rest_route=\/wp\/v2\/types\/page"}],"author":[{"embeddable":true,"href":"http:\/\/tajotoledo.es\/index.php?rest_route=\/wp\/v2\/users\/2"}],"replies":[{"embeddable":true,"href":"http:\/\/tajotoledo.es\/index.php?rest_route=%2Fwp%2Fv2%2Fcomments&post=444"}],"version-history":[{"count":24,"href":"http:\/\/tajotoledo.es\/index.php?rest_route=\/wp\/v2\/pages\/444\/revisions"}],"predecessor-version":[{"id":2151,"href":"http:\/\/tajotoledo.es\/index.php?rest_route=\/wp\/v2\/pages\/444\/revisions\/2151"}],"wp:attachment":[{"href":"http:\/\/tajotoledo.es\/index.php?rest_route=%2Fwp%2Fv2%2Fmedia&parent=444"}],"curies":[{"name":"wp","href":"https:\/\/api.w.org\/{rel}","templated":true}]}}

<p style="text-align: justify;">La Plataforma de Toledo en Defensa del Tajo es depositaria de la <a href="/wp-content/uploads/2017/02/INFORME%20SOBRE%20LA%20EXPOSICI%C3%93N.pdf" target="_blank" rel="noopener noreferrer">Exposición Itinerante “El Tajo, la asignatura pendiente”</a>, promovida por la Comisión de Salud, Prevención y Medio Ambiente de la Facultad de Ciencias Jurídicas y Sociales de la UCLM en Toledo y el Grupo de Investigación del Tajo de la UCLM, y confeccionada con la colaboración de la Plataforma.<a href="http://tajotoledo.es/wp-content/uploads/2015/06/P1.jpg" rel="attachment wp-att-577"><img loading="lazy" class="alignleft size-medium wp-image-577" src="http://tajotoledo.es/wp-content/uploads/2015/06/P1-300x167.jpg" alt="P1" width="300" height="167" srcset="http://tajotoledo.es/wp-content/uploads/2015/06/P1-300x167.jpg 300w, http://tajotoledo.es/wp-content/uploads/2015/06/P1-768x426.jpg 768w, http://tajotoledo.es/wp-content/uploads/2015/06/P1-1024x569.jpg 1024w, http://tajotoledo.es/wp-content/uploads/2015/06/P1.jpg 1212w" sizes="(max-width: 300px) 100vw, 300px" /></a><br />
<a href="/wp-content/uploads/2017/05/DESCRIPCI%C3%93N%20DE%20LA%20EXPOSICI%C3%93N.pdf" target="_blank" rel="noopener noreferrer">Consta de 22 paneles con 35 fotografías comentadas</a> y recogidas a lo largo de toda la cuenca, desde su nacimiento hasta su desembocadura en Portugal.<br />
La exposición está a disposición de cualquier colectivo o institución que desee divulgarla o trabajar con ella en sus instalaciones. La Plataforma ofrece charlas y talleres de discusión y debate, así como breves explicaciones a modo de ruta guiada a través de sus paneles.<br />
Puede solicitarse por correo electrónico a través del apartado de <a href="http://tajotoledo.es/?page_id=406" target="_blank" rel="noopener noreferrer">contacto</a> en esta página o a platodetajo@gmail.com. La Plataforma se ocupa de instalarla y desinstalarla gratuitamente y su préstamo no comporta coste alguno.<br />
Se puede descargar una versión PDF en baja resolución en este <a title="Expo PDF baja" href="/wp-content/uploads/2017/11/EXPO%20TAJO-UCLM%20225x125%20baja.pdf" target="_blank" rel="noopener noreferrer"> enlace</a>.</p>
<p style="text-align: justify;"><a href="/wp-content/uploads/2018/01/CALENDARIO%20DE%20EXPOSICIONES%202018.pdf" target="_blank" rel="noopener noreferrer">Aquí se puede consultar el calendario</a> de ocupación y las fechas libres. Actualmente está expuesta en la Casa de la Cultura de Sonseca (Toledo) hasta el 16 de marzo.</p>

<p>La Plataforma de Toledo en Defensa del Tajo es depositaria de la Exposición Itinerante “El Tajo, la asignatura pendiente”, promovida por la Comisión de Salud, Prevención y Medio Ambiente de la Facultad de Ciencias Jurídicas y Sociales de la UCLM &hellip; <a href="http://tajotoledo.es/?page_id=444">Continuar</a></p>
