{"id":3624,"date":"2021-01-26T03:01:55","date_gmt":"2021-01-26T02:01:55","guid":{"rendered":"http:\/\/tajotoledo.es\/?page_id=3624"},"modified":"2021-01-26T20:50:51","modified_gmt":"2021-01-26T19:50:51","slug":"2021-calen","status":"publish","type":"page","link":"http:\/\/tajotoledo.es\/?page_id=3624","title":{"rendered":"Ganadores de las fotograf\u00edas para el calendario de 2021"},"content":{"rendered":"<p><strong>ENERO<\/strong><\/p>\n<p><a href=\"http:\/\/tajotoledo.es\/wp-content\/uploads\/2021\/01\/Enero_Miguel-Angel-Jimenez-Perez_Estas-son-las-mejores-imagenes-que-tengo-del-rio-Jarama-scaled.jpg\"><img loading=\"lazy\" class=\"size-medium wp-image-3605 alignleft\" src=\"http:\/\/tajotoledo.es\/wp-content\/uploads\/2021\/01\/Enero_Miguel-Angel-Jimenez-Perez_Estas-son-las-mejores-imagenes-que-tengo-del-rio-Jarama-300x225.jpg\" alt=\"\" width=\"300\" height=\"225\" srcset=\"http:\/\/tajotoledo.es\/wp-content\/uploads\/2021\/01\/Enero_Miguel-Angel-Jimenez-Perez_Estas-son-las-mejores-imagenes-que-tengo-del-rio-Jarama-300x225.jpg 300w, http:\/\/tajotoledo.es\/wp-content\/uploads\/2021\/01\/Enero_Miguel-Angel-Jimenez-Perez_Estas-son-las-mejores-imagenes-que-tengo-del-rio-Jarama-1024x768.jpg 1024w, http:\/\/tajotoledo.es\/wp-content\/uploads\/2021\/01\/Enero_Miguel-Angel-Jimenez-Perez_Estas-son-las-mejores-imagenes-que-tengo-del-rio-Jarama-768x576.jpg 768w, http:\/\/tajotoledo.es\/wp-content\/uploads\/2021\/01\/Enero_Miguel-Angel-Jimenez-Perez_Estas-son-las-mejores-imagenes-que-tengo-del-rio-Jarama-1536x1152.jpg 1536w, http:\/\/tajotoledo.es\/wp-content\/uploads\/2021\/01\/Enero_Miguel-Angel-Jimenez-Perez_Estas-son-las-mejores-imagenes-que-tengo-del-rio-Jarama-2048x1536.jpg 2048w\" sizes=\"(max-width: 300px) 100vw, 300px\" \/><\/a><\/p>\n<p>R\u00cdO JARAMA DESDE EL &#8220;PUENTE DEL MOCO&#8221; EN SAN FERNANDO.<\/p>\n<p>Miguel \u00c1ngel Jim\u00e9nez P\u00e9rez.<\/p>\n<p>&nbsp;<\/p>\n<p>&nbsp;<\/p>\n<p>&nbsp;<\/p>\n<p>&nbsp;<\/p>\n<p>&nbsp;<\/p>\n<p>&nbsp;<\/p>\n<p>&nbsp;<\/p>\n<p>&nbsp;<\/p>\n<p><strong>FEBRERO<\/strong><\/p>\n<p><a href=\"http:\/\/tajotoledo.es\/wp-content\/uploads\/2021\/01\/Febrero_Javi-Tronchapalas_Aprovechando-las-lluvias-y-un-mayor-caudal.jpg\"><img loading=\"lazy\" class=\"size-full wp-image-3606 alignleft\" src=\"http:\/\/tajotoledo.es\/wp-content\/uploads\/2021\/01\/Febrero_Javi-Tronchapalas_Aprovechando-las-lluvias-y-un-mayor-caudal.jpg\" alt=\"\" width=\"300\" height=\"225\" \/><\/a><\/p>\n<p>APROVECHANDO LAS LLUVIAS Y UN MAYOR CAUDAL. R\u00cdO ALBERCHE EN NAVALUENGA.<\/p>\n<p>Javi Tronchapalas.<\/p>\n<p>&nbsp;<\/p>\n<p>&nbsp;<\/p>\n<p>&nbsp;<\/p>\n<p>&nbsp;<\/p>\n<p>&nbsp;<\/p>\n<p>&nbsp;<\/p>\n<p>&nbsp;<\/p>\n<p>&nbsp;<\/p>\n<p><strong>MARZO<\/strong><\/p>\n<p><a href=\"http:\/\/tajotoledo.es\/wp-content\/uploads\/2021\/01\/Marzo_Javi_Tronchapalas_Aguas-bravas-en-el-Tajo.jpg\"><img loading=\"lazy\" class=\"size-full wp-image-3607 alignleft\" src=\"http:\/\/tajotoledo.es\/wp-content\/uploads\/2021\/01\/Marzo_Javi_Tronchapalas_Aguas-bravas-en-el-Tajo.jpg\" alt=\"\" width=\"300\" height=\"225\" \/><\/a>AGUAS BRAVAS EN EL CA\u00d1\u00d3N DEL ALTO TAJO.<\/p>\n<p>Javi Tronchapalas<\/p>\n<p>&nbsp;<\/p>\n<p>&nbsp;<\/p>\n<p>&nbsp;<\/p>\n<p>&nbsp;<\/p>\n<p>&nbsp;<\/p>\n<p>&nbsp;<\/p>\n<p>&nbsp;<\/p>\n<p>&nbsp;<\/p>\n<p>&nbsp;<\/p>\n<p><strong>ABRIL<\/strong><\/p>\n<p><a href=\"http:\/\/tajotoledo.es\/wp-content\/uploads\/2021\/01\/Abril_Enrique-Garcia-Gomez_Rio-Tajo-bajo-la-presa-del-salto-de-bolarque.jpg\"><img loading=\"lazy\" class=\"size-full wp-image-3608 alignleft\" src=\"http:\/\/tajotoledo.es\/wp-content\/uploads\/2021\/01\/Abril_Enrique-Garcia-Gomez_Rio-Tajo-bajo-la-presa-del-salto-de-bolarque.jpg\" alt=\"\" width=\"201\" height=\"300\" \/><\/a><\/p>\n<p>R\u00cdO TAJO BAJO EL SALTO DE BOLARQUE. ALMONACID DE ZORITA.<\/p>\n<p>Enrique Garc\u00eda G\u00f3mez.<\/p>\n<p>&nbsp;<\/p>\n<p>&nbsp;<\/p>\n<p>&nbsp;<\/p>\n<p>&nbsp;<\/p>\n<p>&nbsp;<\/p>\n<p>&nbsp;<\/p>\n<p>&nbsp;<\/p>\n<p>&nbsp;<\/p>\n<p>&nbsp;<\/p>\n<p>&nbsp;<\/p>\n<p>&nbsp;<\/p>\n<p>&nbsp;<\/p>\n<p><strong>MAYO<\/strong><\/p>\n<p><a href=\"http:\/\/tajotoledo.es\/wp-content\/uploads\/2021\/01\/Mayo_Pilar-diego-madrazo_Candeleda.jpg\"><img loading=\"lazy\" class=\"size-full wp-image-3609 alignleft\" src=\"http:\/\/tajotoledo.es\/wp-content\/uploads\/2021\/01\/Mayo_Pilar-diego-madrazo_Candeleda.jpg\" alt=\"\" width=\"300\" height=\"225\" \/><\/a><\/p>\n<p>GARGANTA DE SANTA MAR\u00cdA. CANDELEDA.<\/p>\n<p>Pilar Diego-Madrazo<\/p>\n<p>&nbsp;<\/p>\n<p>&nbsp;<\/p>\n<p>&nbsp;<\/p>\n<p>&nbsp;<\/p>\n<p>&nbsp;<\/p>\n<p>&nbsp;<\/p>\n<p>&nbsp;<\/p>\n<p>&nbsp;<\/p>\n<p>&nbsp;<\/p>\n<p><strong>JUNIO<\/strong><\/p>\n<p><a href=\"http:\/\/tajotoledo.es\/wp-content\/uploads\/2021\/01\/Junio_Jose-_aria-Moura_-o-rio-tejo-podia-ser-mais-belo.jpg\"><img loading=\"lazy\" class=\"size-full wp-image-3610 alignleft\" src=\"http:\/\/tajotoledo.es\/wp-content\/uploads\/2021\/01\/Junio_Jose-_aria-Moura_-o-rio-tejo-podia-ser-mais-belo.jpg\" alt=\"\" width=\"300\" height=\"225\" \/><\/a><\/p>\n<p>O RIO TEJO. PORTAS DE RODAO.<\/p>\n<p>Jos\u00e9 Maria Moura.<\/p>\n<p>&nbsp;<\/p>\n<p>&nbsp;<\/p>\n<p>&nbsp;<\/p>\n<p>&nbsp;<\/p>\n<p>&nbsp;<\/p>\n<p>&nbsp;<\/p>\n<p>&nbsp;<\/p>\n<p>&nbsp;<\/p>\n<p>&nbsp;<\/p>\n<p><strong>JULIO<\/strong><\/p>\n<p><a href=\"http:\/\/tajotoledo.es\/wp-content\/uploads\/2021\/01\/Julio_Beatriz-Larraz-iribas_remanso-de-paz-en-el-alto-tajo.jpg\"><img loading=\"lazy\" class=\"size-full wp-image-3611 alignleft\" src=\"http:\/\/tajotoledo.es\/wp-content\/uploads\/2021\/01\/Julio_Beatriz-Larraz-iribas_remanso-de-paz-en-el-alto-tajo.jpg\" alt=\"\" width=\"300\" height=\"201\" \/><\/a><\/p>\n<p>REMANSO DE PAZ EN EL ALTO TAJO. PERALEJOS DE LAS TRUCHAS.<\/p>\n<p>Beatris Larraz.<\/p>\n<p>&nbsp;<\/p>\n<p>&nbsp;<\/p>\n<p>&nbsp;<\/p>\n<p>&nbsp;<\/p>\n<p>&nbsp;<\/p>\n<p>&nbsp;<\/p>\n<p>&nbsp;<\/p>\n<p>&nbsp;<\/p>\n<p>&nbsp;<\/p>\n<p><strong>AGOSTO<\/strong><\/p>\n<p><a href=\"http:\/\/tajotoledo.es\/wp-content\/uploads\/2021\/01\/Agosto_Veronica-Garcia-Chiquero_no-no-es-una-laguna-ni-un-humedal.jpg\"><img loading=\"lazy\" class=\"size-full wp-image-3612 alignleft\" src=\"http:\/\/tajotoledo.es\/wp-content\/uploads\/2021\/01\/Agosto_Veronica-Garcia-Chiquero_no-no-es-una-laguna-ni-un-humedal.jpg\" alt=\"\" width=\"300\" height=\"169\" \/><\/a><\/p>\n<p>NO, NO ES UNA LAGUNA NI UN HUMEDAL. ES EL TAJO EN TALAVERA DE LA REINA.<\/p>\n<p>Ver\u00f3nica Garc\u00eda Chiquero.<\/p>\n<p>&nbsp;<\/p>\n<p>&nbsp;<\/p>\n<p>&nbsp;<\/p>\n<p>&nbsp;<\/p>\n<p>&nbsp;<\/p>\n<p>&nbsp;<\/p>\n<p>&nbsp;<\/p>\n<p>&nbsp;<\/p>\n<p><strong>SEPTIEMBRE<\/strong><\/p>\n<p><a href=\"http:\/\/tajotoledo.es\/wp-content\/uploads\/2021\/01\/Septiembre_Damian-Martin_Ocaso-a-ritmo-calmo-sobre-el-Alberche.jpg\"><img loading=\"lazy\" class=\"size-full wp-image-3613 alignleft\" src=\"http:\/\/tajotoledo.es\/wp-content\/uploads\/2021\/01\/Septiembre_Damian-Martin_Ocaso-a-ritmo-calmo-sobre-el-Alberche.jpg\" alt=\"\" width=\"300\" height=\"225\" \/><\/a><\/p>\n<p>OCASO A RITMO CALMO SOBRE EL R\u00cdO ALBERCHE. EMBALSE DE CAZALEGAS.<\/p>\n<p>Dami\u00e1n Mart\u00edn.<\/p>\n<p>&nbsp;<\/p>\n<p>&nbsp;<\/p>\n<p>&nbsp;<\/p>\n<p>&nbsp;<\/p>\n<p>&nbsp;<\/p>\n<p>&nbsp;<\/p>\n<p>&nbsp;<\/p>\n<p>&nbsp;<\/p>\n<p>&nbsp;<\/p>\n<p><strong>OCTUBRE<\/strong><\/p>\n<p><a href=\"http:\/\/tajotoledo.es\/wp-content\/uploads\/2021\/01\/Octubre_Pilar-Diego-Madrazo_-Tramo-urbano-garganta-de-candeleda.jpg\"><img loading=\"lazy\" class=\"size-full wp-image-3614 alignleft\" src=\"http:\/\/tajotoledo.es\/wp-content\/uploads\/2021\/01\/Octubre_Pilar-Diego-Madrazo_-Tramo-urbano-garganta-de-candeleda.jpg\" alt=\"\" width=\"300\" height=\"225\" \/><\/a><\/p>\n<p>PUENTE VIEJO SOBRE TRAMO URBANO DE LA GARGANTA DE CANDELEDA.<\/p>\n<p>Pilar Diego-Madrazo.<\/p>\n<p>&nbsp;<\/p>\n<p>&nbsp;<\/p>\n<p>&nbsp;<\/p>\n<p>&nbsp;<\/p>\n<p>&nbsp;<\/p>\n<p>&nbsp;<\/p>\n<p>&nbsp;<\/p>\n<p>&nbsp;<\/p>\n<p>&nbsp;<\/p>\n<p><strong>NOVIEMBRE<\/strong><\/p>\n<p><a href=\"http:\/\/tajotoledo.es\/wp-content\/uploads\/2021\/01\/Noviembre_Pilar-Diego-Madrazo_Garganta-de-Candeleda.jpg\"><img loading=\"lazy\" class=\"size-full wp-image-3615 alignleft\" src=\"http:\/\/tajotoledo.es\/wp-content\/uploads\/2021\/01\/Noviembre_Pilar-Diego-Madrazo_Garganta-de-Candeleda.jpg\" alt=\"\" width=\"300\" height=\"225\" \/><\/a><\/p>\n<p>TRAMO URBANO DE LA GARGANTA DE CANDELEDA.<\/p>\n<p>Pilar Diego-Madrazo.<\/p>\n<p>&nbsp;<\/p>\n<p>&nbsp;<\/p>\n<p>&nbsp;<\/p>\n<p>&nbsp;<\/p>\n<p>&nbsp;<\/p>\n<p>&nbsp;<\/p>\n<p>&nbsp;<\/p>\n<p>&nbsp;<\/p>\n<p>&nbsp;<\/p>\n<p><strong>DICIEMBRE<\/strong><\/p>\n<p><a href=\"http:\/\/tajotoledo.es\/wp-content\/uploads\/2021\/01\/Diciembre_Jesus-Abad-Soria_Puente-de-piedra.jpg\"><img loading=\"lazy\" class=\"size-full wp-image-3616 alignleft\" src=\"http:\/\/tajotoledo.es\/wp-content\/uploads\/2021\/01\/Diciembre_Jesus-Abad-Soria_Puente-de-piedra.jpg\" alt=\"\" width=\"300\" height=\"218\" \/><\/a><\/p>\n<p>PUENTE DE PIEDRA SOBRE EL R\u00cdO ALBERCHE. HOYOCASERO.<\/p>\n<p>Jes\u00fas Abad Soria.<\/p>\n<p>&nbsp;<\/p>\n<p>&nbsp;<\/p>\n<p>&nbsp;<\/p>\n<p>&nbsp;<\/p>\n<p>&nbsp;<\/p>\n<p>&nbsp;<\/p>\n<p>&nbsp;<\/p>\n<p>&nbsp;<\/p>\n<p>Muchas gracias a todas las personas que han participado.<\/p>\n<p>Enhorabuena a las personas cuyas fotos han sido m\u00e1s votadas para formar el calendario del Tajo de 2021.<\/p>\n<p>Ahora, <a href=\"http:\/\/tajotoledo.es\/?page_id=2717\" target=\"_blank\" rel=\"noopener noreferrer\">ya puedes participar en el concurso para elaborar el calendario de 2022<\/a> enviando fotograf\u00edas de cada mes de este a\u00f1o 2021.<\/p>\n<p>&nbsp;<\/p>\n","protected":false},"excerpt":{"rendered":"<p>ENERO R\u00cdO JARAMA DESDE EL &#8220;PUENTE DEL MOCO&#8221; EN SAN FERNANDO. Miguel \u00c1ngel Jim\u00e9nez P\u00e9rez. &nbsp; &nbsp; &nbsp; &nbsp; &nbsp; &nbsp; &nbsp; &nbsp; FEBRERO APROVECHANDO LAS LLUVIAS Y UN MAYOR CAUDAL. R\u00cdO ALBERCHE EN NAVALUENGA. Javi Tronchapalas. &nbsp; &nbsp; &nbsp; &hellip; <a href=\"http:\/\/tajotoledo.es\/?page_id=3624\">Continuar<\/a><\/p>\n","protected":false},"author":3,"featured_media":0,"parent":0,"menu_order":0,"comment_status":"closed","ping_status":"closed","template":"","meta":[],"_links":{"self":[{"href":"http:\/\/tajotoledo.es\/index.php?rest_route=\/wp\/v2\/pages\/3624"}],"collection":[{"href":"http:\/\/tajotoledo.es\/index.php?rest_route=\/wp\/v2\/pages"}],"about":[{"href":"http:\/\/tajotoledo.es\/index.php?rest_route=\/wp\/v2\/types\/page"}],"author":[{"embeddable":true,"href":"http:\/\/tajotoledo.es\/index.php?rest_route=\/wp\/v2\/users\/3"}],"replies":[{"embeddable":true,"href":"http:\/\/tajotoledo.es\/index.php?rest_route=%2Fwp%2Fv2%2Fcomments&post=3624"}],"version-history":[{"count":14,"href":"http:\/\/tajotoledo.es\/index.php?rest_route=\/wp\/v2\/pages\/3624\/revisions"}],"predecessor-version":[{"id":3641,"href":"http:\/\/tajotoledo.es\/index.php?rest_route=\/wp\/v2\/pages\/3624\/revisions\/3641"}],"wp:attachment":[{"href":"http:\/\/tajotoledo.es\/index.php?rest_route=%2Fwp%2Fv2%2Fmedia&parent=3624"}],"curies":[{"name":"wp","href":"https:\/\/api.w.org\/{rel}","templated":true}]}}

Ganadores de las fotografías para el calendario de 2021

<p><strong>ENERO</strong></p>
<p><a href="http://tajotoledo.es/wp-content/uploads/2021/01/Enero_Miguel-Angel-Jimenez-Perez_Estas-son-las-mejores-imagenes-que-tengo-del-rio-Jarama-scaled.jpg"><img loading="lazy" class="size-medium wp-image-3605 alignleft" src="http://tajotoledo.es/wp-content/uploads/2021/01/Enero_Miguel-Angel-Jimenez-Perez_Estas-son-las-mejores-imagenes-que-tengo-del-rio-Jarama-300x225.jpg" alt="" width="300" height="225" srcset="http://tajotoledo.es/wp-content/uploads/2021/01/Enero_Miguel-Angel-Jimenez-Perez_Estas-son-las-mejores-imagenes-que-tengo-del-rio-Jarama-300x225.jpg 300w, http://tajotoledo.es/wp-content/uploads/2021/01/Enero_Miguel-Angel-Jimenez-Perez_Estas-son-las-mejores-imagenes-que-tengo-del-rio-Jarama-1024x768.jpg 1024w, http://tajotoledo.es/wp-content/uploads/2021/01/Enero_Miguel-Angel-Jimenez-Perez_Estas-son-las-mejores-imagenes-que-tengo-del-rio-Jarama-768x576.jpg 768w, http://tajotoledo.es/wp-content/uploads/2021/01/Enero_Miguel-Angel-Jimenez-Perez_Estas-son-las-mejores-imagenes-que-tengo-del-rio-Jarama-1536x1152.jpg 1536w, http://tajotoledo.es/wp-content/uploads/2021/01/Enero_Miguel-Angel-Jimenez-Perez_Estas-son-las-mejores-imagenes-que-tengo-del-rio-Jarama-2048x1536.jpg 2048w" sizes="(max-width: 300px) 100vw, 300px" /></a></p>
<p>RÍO JARAMA DESDE EL &#8220;PUENTE DEL MOCO&#8221; EN SAN FERNANDO.</p>
<p>Miguel Ángel Jiménez Pérez.</p>
<p>&nbsp;</p>
<p>&nbsp;</p>
<p>&nbsp;</p>
<p>&nbsp;</p>
<p>&nbsp;</p>
<p>&nbsp;</p>
<p>&nbsp;</p>
<p>&nbsp;</p>
<p><strong>FEBRERO</strong></p>
<p><a href="http://tajotoledo.es/wp-content/uploads/2021/01/Febrero_Javi-Tronchapalas_Aprovechando-las-lluvias-y-un-mayor-caudal.jpg"><img loading="lazy" class="size-full wp-image-3606 alignleft" src="http://tajotoledo.es/wp-content/uploads/2021/01/Febrero_Javi-Tronchapalas_Aprovechando-las-lluvias-y-un-mayor-caudal.jpg" alt="" width="300" height="225" /></a></p>
<p>APROVECHANDO LAS LLUVIAS Y UN MAYOR CAUDAL. RÍO ALBERCHE EN NAVALUENGA.</p>
<p>Javi Tronchapalas.</p>
<p>&nbsp;</p>
<p>&nbsp;</p>
<p>&nbsp;</p>
<p>&nbsp;</p>
<p>&nbsp;</p>
<p>&nbsp;</p>
<p>&nbsp;</p>
<p>&nbsp;</p>
<p><strong>MARZO</strong></p>
<p><a href="http://tajotoledo.es/wp-content/uploads/2021/01/Marzo_Javi_Tronchapalas_Aguas-bravas-en-el-Tajo.jpg"><img loading="lazy" class="size-full wp-image-3607 alignleft" src="http://tajotoledo.es/wp-content/uploads/2021/01/Marzo_Javi_Tronchapalas_Aguas-bravas-en-el-Tajo.jpg" alt="" width="300" height="225" /></a>AGUAS BRAVAS EN EL CAÑÓN DEL ALTO TAJO.</p>
<p>Javi Tronchapalas</p>
<p>&nbsp;</p>
<p>&nbsp;</p>
<p>&nbsp;</p>
<p>&nbsp;</p>
<p>&nbsp;</p>
<p>&nbsp;</p>
<p>&nbsp;</p>
<p>&nbsp;</p>
<p>&nbsp;</p>
<p><strong>ABRIL</strong></p>
<p><a href="http://tajotoledo.es/wp-content/uploads/2021/01/Abril_Enrique-Garcia-Gomez_Rio-Tajo-bajo-la-presa-del-salto-de-bolarque.jpg"><img loading="lazy" class="size-full wp-image-3608 alignleft" src="http://tajotoledo.es/wp-content/uploads/2021/01/Abril_Enrique-Garcia-Gomez_Rio-Tajo-bajo-la-presa-del-salto-de-bolarque.jpg" alt="" width="201" height="300" /></a></p>
<p>RÍO TAJO BAJO EL SALTO DE BOLARQUE. ALMONACID DE ZORITA.</p>
<p>Enrique García Gómez.</p>
<p>&nbsp;</p>
<p>&nbsp;</p>
<p>&nbsp;</p>
<p>&nbsp;</p>
<p>&nbsp;</p>
<p>&nbsp;</p>
<p>&nbsp;</p>
<p>&nbsp;</p>
<p>&nbsp;</p>
<p>&nbsp;</p>
<p>&nbsp;</p>
<p>&nbsp;</p>
<p><strong>MAYO</strong></p>
<p><a href="http://tajotoledo.es/wp-content/uploads/2021/01/Mayo_Pilar-diego-madrazo_Candeleda.jpg"><img loading="lazy" class="size-full wp-image-3609 alignleft" src="http://tajotoledo.es/wp-content/uploads/2021/01/Mayo_Pilar-diego-madrazo_Candeleda.jpg" alt="" width="300" height="225" /></a></p>
<p>GARGANTA DE SANTA MARÍA. CANDELEDA.</p>
<p>Pilar Diego-Madrazo</p>
<p>&nbsp;</p>
<p>&nbsp;</p>
<p>&nbsp;</p>
<p>&nbsp;</p>
<p>&nbsp;</p>
<p>&nbsp;</p>
<p>&nbsp;</p>
<p>&nbsp;</p>
<p>&nbsp;</p>
<p><strong>JUNIO</strong></p>
<p><a href="http://tajotoledo.es/wp-content/uploads/2021/01/Junio_Jose-_aria-Moura_-o-rio-tejo-podia-ser-mais-belo.jpg"><img loading="lazy" class="size-full wp-image-3610 alignleft" src="http://tajotoledo.es/wp-content/uploads/2021/01/Junio_Jose-_aria-Moura_-o-rio-tejo-podia-ser-mais-belo.jpg" alt="" width="300" height="225" /></a></p>
<p>O RIO TEJO. PORTAS DE RODAO.</p>
<p>José Maria Moura.</p>
<p>&nbsp;</p>
<p>&nbsp;</p>
<p>&nbsp;</p>
<p>&nbsp;</p>
<p>&nbsp;</p>
<p>&nbsp;</p>
<p>&nbsp;</p>
<p>&nbsp;</p>
<p>&nbsp;</p>
<p><strong>JULIO</strong></p>
<p><a href="http://tajotoledo.es/wp-content/uploads/2021/01/Julio_Beatriz-Larraz-iribas_remanso-de-paz-en-el-alto-tajo.jpg"><img loading="lazy" class="size-full wp-image-3611 alignleft" src="http://tajotoledo.es/wp-content/uploads/2021/01/Julio_Beatriz-Larraz-iribas_remanso-de-paz-en-el-alto-tajo.jpg" alt="" width="300" height="201" /></a></p>
<p>REMANSO DE PAZ EN EL ALTO TAJO. PERALEJOS DE LAS TRUCHAS.</p>
<p>Beatris Larraz.</p>
<p>&nbsp;</p>
<p>&nbsp;</p>
<p>&nbsp;</p>
<p>&nbsp;</p>
<p>&nbsp;</p>
<p>&nbsp;</p>
<p>&nbsp;</p>
<p>&nbsp;</p>
<p>&nbsp;</p>
<p><strong>AGOSTO</strong></p>
<p><a href="http://tajotoledo.es/wp-content/uploads/2021/01/Agosto_Veronica-Garcia-Chiquero_no-no-es-una-laguna-ni-un-humedal.jpg"><img loading="lazy" class="size-full wp-image-3612 alignleft" src="http://tajotoledo.es/wp-content/uploads/2021/01/Agosto_Veronica-Garcia-Chiquero_no-no-es-una-laguna-ni-un-humedal.jpg" alt="" width="300" height="169" /></a></p>
<p>NO, NO ES UNA LAGUNA NI UN HUMEDAL. ES EL TAJO EN TALAVERA DE LA REINA.</p>
<p>Verónica García Chiquero.</p>
<p>&nbsp;</p>
<p>&nbsp;</p>
<p>&nbsp;</p>
<p>&nbsp;</p>
<p>&nbsp;</p>
<p>&nbsp;</p>
<p>&nbsp;</p>
<p>&nbsp;</p>
<p><strong>SEPTIEMBRE</strong></p>
<p><a href="http://tajotoledo.es/wp-content/uploads/2021/01/Septiembre_Damian-Martin_Ocaso-a-ritmo-calmo-sobre-el-Alberche.jpg"><img loading="lazy" class="size-full wp-image-3613 alignleft" src="http://tajotoledo.es/wp-content/uploads/2021/01/Septiembre_Damian-Martin_Ocaso-a-ritmo-calmo-sobre-el-Alberche.jpg" alt="" width="300" height="225" /></a></p>
<p>OCASO A RITMO CALMO SOBRE EL RÍO ALBERCHE. EMBALSE DE CAZALEGAS.</p>
<p>Damián Martín.</p>
<p>&nbsp;</p>
<p>&nbsp;</p>
<p>&nbsp;</p>
<p>&nbsp;</p>
<p>&nbsp;</p>
<p>&nbsp;</p>
<p>&nbsp;</p>
<p>&nbsp;</p>
<p>&nbsp;</p>
<p><strong>OCTUBRE</strong></p>
<p><a href="http://tajotoledo.es/wp-content/uploads/2021/01/Octubre_Pilar-Diego-Madrazo_-Tramo-urbano-garganta-de-candeleda.jpg"><img loading="lazy" class="size-full wp-image-3614 alignleft" src="http://tajotoledo.es/wp-content/uploads/2021/01/Octubre_Pilar-Diego-Madrazo_-Tramo-urbano-garganta-de-candeleda.jpg" alt="" width="300" height="225" /></a></p>
<p>PUENTE VIEJO SOBRE TRAMO URBANO DE LA GARGANTA DE CANDELEDA.</p>
<p>Pilar Diego-Madrazo.</p>
<p>&nbsp;</p>
<p>&nbsp;</p>
<p>&nbsp;</p>
<p>&nbsp;</p>
<p>&nbsp;</p>
<p>&nbsp;</p>
<p>&nbsp;</p>
<p>&nbsp;</p>
<p>&nbsp;</p>
<p><strong>NOVIEMBRE</strong></p>
<p><a href="http://tajotoledo.es/wp-content/uploads/2021/01/Noviembre_Pilar-Diego-Madrazo_Garganta-de-Candeleda.jpg"><img loading="lazy" class="size-full wp-image-3615 alignleft" src="http://tajotoledo.es/wp-content/uploads/2021/01/Noviembre_Pilar-Diego-Madrazo_Garganta-de-Candeleda.jpg" alt="" width="300" height="225" /></a></p>
<p>TRAMO URBANO DE LA GARGANTA DE CANDELEDA.</p>
<p>Pilar Diego-Madrazo.</p>
<p>&nbsp;</p>
<p>&nbsp;</p>
<p>&nbsp;</p>
<p>&nbsp;</p>
<p>&nbsp;</p>
<p>&nbsp;</p>
<p>&nbsp;</p>
<p>&nbsp;</p>
<p>&nbsp;</p>
<p><strong>DICIEMBRE</strong></p>
<p><a href="http://tajotoledo.es/wp-content/uploads/2021/01/Diciembre_Jesus-Abad-Soria_Puente-de-piedra.jpg"><img loading="lazy" class="size-full wp-image-3616 alignleft" src="http://tajotoledo.es/wp-content/uploads/2021/01/Diciembre_Jesus-Abad-Soria_Puente-de-piedra.jpg" alt="" width="300" height="218" /></a></p>
<p>PUENTE DE PIEDRA SOBRE EL RÍO ALBERCHE. HOYOCASERO.</p>
<p>Jesús Abad Soria.</p>
<p>&nbsp;</p>
<p>&nbsp;</p>
<p>&nbsp;</p>
<p>&nbsp;</p>
<p>&nbsp;</p>
<p>&nbsp;</p>
<p>&nbsp;</p>
<p>&nbsp;</p>
<p>Muchas gracias a todas las personas que han participado.</p>
<p>Enhorabuena a las personas cuyas fotos han sido más votadas para formar el calendario del Tajo de 2021.</p>
<p>Ahora, <a href="http://tajotoledo.es/?page_id=2717" target="_blank" rel="noopener noreferrer">ya puedes participar en el concurso para elaborar el calendario de 2022</a> enviando fotografías de cada mes de este año 2021.</p>
<p>&nbsp;</p>

<p>ENERO RÍO JARAMA DESDE EL &#8220;PUENTE DEL MOCO&#8221; EN SAN FERNANDO. Miguel Ángel Jiménez Pérez. &nbsp; &nbsp; &nbsp; &nbsp; &nbsp; &nbsp; &nbsp; &nbsp; FEBRERO APROVECHANDO LAS LLUVIAS Y UN MAYOR CAUDAL. RÍO ALBERCHE EN NAVALUENGA. Javi Tronchapalas. &nbsp; &nbsp; &nbsp; &hellip; <a href="http://tajotoledo.es/?page_id=3624">Continuar</a></p>
