{"id":3402,"date":"2020-06-12T15:58:31","date_gmt":"2020-06-12T13:58:31","guid":{"rendered":"http:\/\/tajotoledo.es\/?page_id=3402"},"modified":"2021-04-09T14:47:37","modified_gmt":"2021-04-09T12:47:37","slug":"sube-las-fotos-del-mes-de-junio","status":"publish","type":"page","link":"http:\/\/tajotoledo.es\/?page_id=3402","title":{"rendered":"Sube las fotos del mes de junio"},"content":{"rendered":"<p align=\"justify\">Os animamos a que particip\u00e9is en el concurso de fotograf\u00eda en el que se elegir\u00e1 cada mes de 2021 una foto ganadora que formar\u00e1 parte del calendario de la Red del Tajo del a\u00f1o 2022. La foto puede evidenciar un mal estado del tramo fotografiado o ensalzar sus valores naturales, paisaj\u00edsticos o de usos asociados.<\/p>\r\n<p align=\"justify\">Mediante votaci\u00f3n\u00a0se\u00a0seleccionar\u00e1 cada mes una de entre todas aquellas recibidas desde cualquier punto de la red fluvial de Tajo. Al final del a\u00f1o confeccionar\u00e1 un calendario para el a\u00f1o siguiente que compartiremos en redes sociales.<\/p>\r\n<p align=\"justify\">\u00a1<a href=\"http:\/\/tajotoledo.es\/wp-content\/uploads\/2019\/03\/Bases.%20Concurso%20Fotograf%C3%ADa%20Calendario%20Red%20del%20Tajo%202020.pdf\" target=\"_blank\" rel=\"noopener noreferrer\">Consulta las bases y participa<\/a>!<\/p>\r\n<p>SUBE LA FOTOGRAFIA QUE M\u00c1S TE GUSTE PARA EL MES DE JUNIO DEL CALENDARIO DEL 2022 DEL RIO TAJO<\/p>\r\n<!-- \/wp:paragraph -->\r\n\r\n<!-- wp:shortcode -->\r\n<p><span class=\"cg_shortcode_copy_text\">[cg_users_upload id=&#8221;8&#8243;]<\/span><\/p>","protected":false},"excerpt":{"rendered":"<p>Os animamos a que particip\u00e9is en el concurso de fotograf\u00eda en el que se elegir\u00e1 cada mes de 2021 una foto ganadora que formar\u00e1 parte del calendario de la Red del Tajo del a\u00f1o 2022. La foto puede evidenciar un &hellip; <a href=\"http:\/\/tajotoledo.es\/?page_id=3402\">Continuar<\/a><\/p>\n","protected":false},"author":2,"featured_media":0,"parent":0,"menu_order":0,"comment_status":"closed","ping_status":"closed","template":"","meta":[],"_links":{"self":[{"href":"http:\/\/tajotoledo.es\/index.php?rest_route=\/wp\/v2\/pages\/3402"}],"collection":[{"href":"http:\/\/tajotoledo.es\/index.php?rest_route=\/wp\/v2\/pages"}],"about":[{"href":"http:\/\/tajotoledo.es\/index.php?rest_route=\/wp\/v2\/types\/page"}],"author":[{"embeddable":true,"href":"http:\/\/tajotoledo.es\/index.php?rest_route=\/wp\/v2\/users\/2"}],"replies":[{"embeddable":true,"href":"http:\/\/tajotoledo.es\/index.php?rest_route=%2Fwp%2Fv2%2Fcomments&post=3402"}],"version-history":[{"count":3,"href":"http:\/\/tajotoledo.es\/index.php?rest_route=\/wp\/v2\/pages\/3402\/revisions"}],"predecessor-version":[{"id":3725,"href":"http:\/\/tajotoledo.es\/index.php?rest_route=\/wp\/v2\/pages\/3402\/revisions\/3725"}],"wp:attachment":[{"href":"http:\/\/tajotoledo.es\/index.php?rest_route=%2Fwp%2Fv2%2Fmedia&parent=3402"}],"curies":[{"name":"wp","href":"https:\/\/api.w.org\/{rel}","templated":true}]}}