{"id":3033,"date":"2019-04-28T03:26:07","date_gmt":"2019-04-28T01:26:07","guid":{"rendered":"http:\/\/tajotoledo.es\/?page_id=3033"},"modified":"2019-04-28T03:43:40","modified_gmt":"2019-04-28T01:43:40","slug":"excursion-a-aranjuez-y-bolarque-el-18-de-mayo","status":"publish","type":"page","link":"http:\/\/tajotoledo.es\/?page_id=3033","title":{"rendered":"Excursi\u00f3n a Aranjuez y Bolarque el 18 de mayo."},"content":{"rendered":"<p style=\"text-align: justify;\"><span style=\"font-size: large;\"><a href=\"http:\/\/tajotoledo.es\/wp-content\/uploads\/2019\/04\/Cartel-excursion-18-05-2019.jpg\"><img loading=\"lazy\" class=\"alignleft size-medium wp-image-3028\" src=\"http:\/\/tajotoledo.es\/wp-content\/uploads\/2019\/04\/Cartel-excursion-18-05-2019-213x300.jpg\" alt=\"\" width=\"213\" height=\"300\" srcset=\"http:\/\/tajotoledo.es\/wp-content\/uploads\/2019\/04\/Cartel-excursion-18-05-2019-213x300.jpg 213w, http:\/\/tajotoledo.es\/wp-content\/uploads\/2019\/04\/Cartel-excursion-18-05-2019.jpg 620w\" sizes=\"(max-width: 213px) 100vw, 213px\" \/><\/a>Como cada a\u00f1o por estas fechas, volvemos a ofrecer una excursi\u00f3n abierta a cuantas personas deseen acompa\u00f1arnos y apta para ni\u00f1os, j\u00f3venes, adultos y mayores.<br \/>\n<\/span><\/p>\n<p style=\"text-align: justify;\"><span style=\"font-size: large;\">Se trata de la excursi\u00f3n al embalse de Bolarque, lugar donde al Tajo su nombre roban al quedar estrangulado por el inicio del trasvase Tajo-Segura (TTS), y a la junta de los r\u00edos Tajo y Jarama en Aranjuez, lugar donde el Tajo entrega el \u00faltimo hilo de vida despu\u00e9s de ese estrangulamiento. Una excursi\u00f3n frontera entre el antes y el despu\u00e9s de lo que puedas sentir por el Tajo.<\/span><\/p>\n<p style=\"text-align: left;\"><span style=\"font-size: large;\"><u><b>Descripci\u00f3n<\/b><\/u><\/span><\/p>\n<p style=\"text-align: left;\"><span style=\"font-size: large;\">La excursi\u00f3n es de d\u00eda completo con la siguiente planificaci\u00f3n prevista:<\/span><\/p>\n<ul style=\"text-align: justify;\">\n<li><span style=\"font-size: large;\">Salida el d\u00eda 18 de mayo, s\u00e1bado, a las 9:00 horas desde el Centro Cultural San Ildefonso, junto al puente de La Cava y a la mezquita del Cristo de la Vega.<\/span><\/li>\n<li><span style=\"font-size: large;\">Hacia las 9:15 pararemos en la Biblioteca del Pol\u00edgono a recoger a quienes vengan desde all\u00ed.<\/span><\/li>\n<li><span style=\"font-size: large;\">Sobre las 10:00 visitaremos en Aranjuez la junta de los r\u00edos, donde podr\u00e1n unirse m\u00e1s viajeros y, tras un paseo de apenas 1 km., nos encontraremos con las pocas aguas del Tajo que han escapado de su estrangulamiento en Bolarque y son engullidas por las cloacas vertidas al cauce del Jarama.<\/span><\/li>\n<li><span style=\"font-size: large;\">Posteriormente repondremos fuerzas desayunando en la estaci\u00f3n de Aranjuez.<\/span><\/li>\n<li><span style=\"font-size: large;\">Sobre las 11:30 saldremos hacia el embalse de Bolarque.<br \/>\n<\/span><\/li>\n<li><span style=\"font-size: large;\">Hacia las 13:00 haremos una breve parada para contemplar el TTS en su formato de canal y t\u00fanel.<\/span><\/li>\n<li><span style=\"font-size: large;\">A las 13:30 daremos un paseo por la presa y el salto de Bolarque y\u00a0contemplar las claras aguas del r\u00edo Tajo y los gigantescos tubos \u00a0que succionan sus aguas impolutas para ser entregadas al TTS.\u00a0Luego buscaremos un lugar donde tomar el picnic que cada cual lleve.<br \/>\n<\/span><\/li>\n<li><span style=\"font-size: large;\">Hacia las 16:00 saldremos camino de Saced\u00f3n. All\u00ed podremos tomar un cafe y dar un paseo por su entorno. Si vamos bien de tiempo, podr\u00edamos incluso acercarnos a la poblaci\u00f3n de Pareja y contemplar su limnoembalse.<\/span><\/li>\n<li><span style=\"font-size: large;\">Despu\u00e9s, volveremos de regreso a Toledo tras un par de horas de viaje.<br \/>\n<\/span><\/li>\n<li><span style=\"font-size: large;\">Hacia las 20:00 habremos vuelto a Toledo. Fin de la excursi\u00f3n.<\/span><\/li>\n<\/ul>\n<p style=\"text-align: justify;\"><span style=\"font-size: large;\"><u><b>Colaboraciones<\/b><\/u><\/span><\/p>\n<p style=\"text-align: justify;\"><span style=\"font-size: large;\">Esta excursi\u00f3n pretende servir de conocimiento y sensibilizar a los excursionistas y a la opini\u00f3n p\u00fablica en general sobre la dimensi\u00f3n de los problemas m\u00e1s acuciantes que sufre el r\u00edo Tajo y de las consecuencias que ello provoca y sufren los ciudadanos ribere\u00f1os a lo largo de la cuenca. Desde la Plataforma, pretendemos que ese conocimiento y sensibilizaci\u00f3n sean adquiridos de manera emp\u00edrica, l\u00fadica y guiada. Por ello, hacemos un llamamiento de colaboraci\u00f3n entre el posible profesorado universitario o de bachillerato que desde su \u00e1mbito competencial quiera y pueda colaborar en ayudarnos a interpretar el paisaje, la cultura, la industria, etc. que subyace del recorrido de esta excursi\u00f3n.<\/span><\/p>\n<p style=\"text-align: justify;\"><span style=\"font-size: large;\">Por otra parte, pretendemos que esta actividad pueda reproducirse en el \u00e1mbito del aula, la familia, las amistades o entre el tejido asociativo de nuestro entorno m\u00e1s pr\u00f3ximo. En este sentido, la Plataforma de Toledo en Defensa del Tajo est\u00e1 dispuesta a colaborar y queda a disposici\u00f3n para organizar o participar en cuantas propuestas se hayan de plantear.<\/span><\/p>\n<p style=\"text-align: justify;\"><span style=\"font-size: large;\"><u><b>Condiciones<\/b><\/u><\/span><\/p>\n<p style=\"text-align: justify;\"><span style=\"font-size: large;\"><b>La inscripci\u00f3n previa y con antelaci\u00f3n de varios d\u00edas es obligatoria<\/b> a fin de determinar el n\u00famero de plazas de viaje a gestionar.<\/span><\/p>\n<p style=\"text-align: justify;\"><span style=\"font-size: large;\">El viaje se har\u00e1 <b>en autob\u00fas si se consigue un m\u00ednimo de 22 personas<\/b>, aportando cada una \u00a015 euros si es adulta y 5 si es menor de 14 a\u00f1os que debe deber\u00e1 ingresarse previamente en la cuenta de la Plataforma que figura al pie de esta comunicaci\u00f3n.<br \/>\n<\/span><\/p>\n<p style=\"text-align: justify;\"><span style=\"font-size: large;\">En caso contrario, y siempre que el n\u00famero de participantes sea al menos de 10 personas adultas, nos repartiremos en coches particulares voluntarios a raz\u00f3n de 4 personas por coche, aportando sus ocupantes 10 euros a la persona voluntaria que ponga el coche.<\/span><\/p>\n<p style=\"text-align: justify;\"><span style=\"font-size: large;\">Las consumiciones que se hagan durante el viaje, corren a cargo de cada pasajero.<\/span><\/p>\n<p style=\"text-align: justify;\"><span style=\"font-size: large;\"><u><b>Inscripciones<\/b><\/u><\/span><\/p>\n<p style=\"text-align: justify;\"><span style=\"font-size: large;\"><b>El plazo de inscripci\u00f3n previa finaliza el s\u00e1bado d\u00eda 11 de mayo a las 10:00 horas<\/b>, aunque rogamos que las inscripciones se hagan lo m\u00e1s pronto posible para organizar el transporte. Tras esa fecha la Plataforma comunicar\u00e1 la disponibilidad de autob\u00fas y, en su caso, el n\u00famero de plazas disponibles, que se cubrir\u00e1n por riguroso orden de petici\u00f3n.<br \/>\n<\/span><\/p>\n<p style=\"text-align: justify;\"><span style=\"font-size: large;\">Se pueden hacer las inscripciones <b>por tel\u00e9fono o whatsapp al 699497212 y por correo electr\u00f3nico a la direcci\u00f3n <a href=\"mailto:platodetajo@gmail.com\" target=\"_blank\" rel=\"noopener noreferrer\">platodetajo@gmail.com<\/a><\/b><\/span><span style=\"font-size: small;\"><span style=\"font-size: large;\"><b>.<\/b><\/span><\/span><\/p>\n<p style=\"text-align: justify;\"><span style=\"font-size: small;\"><span style=\"font-size: large;\"> En ambos casos deber\u00e1n facilitarse los siguientes datos: Nombre y apellidos, tel\u00e9fono de contacto y correo electr\u00f3nico, as\u00ed como el n\u00famero de personas adultas y menores de 14 a\u00f1os para las que se reserva plaza.<\/span> <\/span><span style=\"font-size: large;\">Si no se llegara a reunir el n\u00famero m\u00ednimo de 10 inscripciones antes del plazo de finalizaci\u00f3n, la Plataforma comunicar\u00eda en ese momento la cancelaci\u00f3n de la actividad y proceder\u00e1 a devolver las inscripciones.<br \/>\n<\/span><\/p>\n<p style=\"text-align: justify;\"><span style=\"font-size: large;\"><u><b>M\u00e1s informaci\u00f3n<\/b><\/u><\/span><\/p>\n<p style=\"text-align: justify;\"><span style=\"font-size: large;\">Cabr\u00eda la posibilidad de visitar el Museo de Bolarque si estuviera abierto.<br \/>\n<\/span><\/p>\n<p style=\"text-align: justify;\"><span style=\"font-size: large;\">Nadie que nos haya acompa\u00f1ado en otras ediciones ha quedado impasible. An\u00edmate a venir de excursi\u00f3n y conocer el r\u00edo Tajo del que nos privan y de ver c\u00f3mo lo hacen. Seguro que, despu\u00e9s de esta visita, encontrar\u00e1s en la Plataforma m\u00e1s motivos para participar de sus actividades a favor del Tajo. <b>Dif\u00fandelo entre tus contactos<\/b> y participa en nuestro voluntariado: <a href=\"http:\/\/www.tajotoledo.es\" target=\"_blank\" rel=\"noopener noreferrer\" data-saferedirecturl=\"https:\/\/www.google.com\/url?q=http:\/\/www.tajotoledo.es&amp;source=gmail&amp;ust=1556500937194000&amp;usg=AFQjCNEdbQDHmhFrVorGJJUVEx7vjR4tNQ\">www.tajotoledo.es<\/a><\/span><\/p>\n<p style=\"text-align: justify;\"><span style=\"font-size: large;\">Es recomendable llevar ropa y calzado deportivos, c\u00e1mara y prism\u00e1ticos. El tiempo est\u00e1 asegurado.<\/span><\/p>\n<p style=\"text-align: justify;\"><span style=\"font-size: large;\">En <a href=\"https:\/\/www.youtube.com\/watch?v=A5rYGpLZBnw\" target=\"_blank\" rel=\"noopener noreferrer\" data-saferedirecturl=\"https:\/\/www.google.com\/url?q=https:\/\/www.youtube.com\/watch?v%3DA5rYGpLZBnw&amp;source=gmail&amp;ust=1556500937194000&amp;usg=AFQjCNH0AI77YY_0IYwbEPWt4haMIecU1g\">este enlace<\/a> encontrar\u00e1s el montaje en v\u00eddeo que hizo nuestro socio y colaborador Emilio Rubio en su primer viaje.<\/span><\/p>\n<p style=\"text-align: justify;\"><span style=\"font-size: large;\">Saludos y feliz excursi\u00f3n. <\/span><span style=\"font-size: small;\"><br \/>\n<\/span><\/p>\n<p><span style=\"font-size: small;\">Plataforma de Toledo en Defensa del Tajo &#8211; <a href=\"http:\/\/www.tajotoledo.es\" target=\"_blank\" rel=\"noopener noreferrer\" data-saferedirecturl=\"https:\/\/www.google.com\/url?q=http:\/\/www.tajotoledo.es&amp;source=gmail&amp;ust=1556500937194000&amp;usg=AFQjCNEdbQDHmhFrVorGJJUVEx7vjR4tNQ\">www.tajotoledo.es<\/a><\/span><\/p>\n<\/div>\n<div>\n<div class=\"m_-5140381747784128568gmail_signature\" dir=\"ltr\" data-smartmail=\"gmail_signature\">\n<div dir=\"ltr\">\n<div>\n<div dir=\"ltr\">\n<div>\n<div dir=\"ltr\">\n<div>\n<div dir=\"ltr\">\n<div><span style=\"font-size: small;\">Por un Tajo Limpio y con Caudal: \u00a1DEFENDAMOS NUESTROS R\u00cdOS!<br \/>\n<\/span><\/div>\n<div><b><u><i><span style=\"font-size: small;\">Admitimos donativos. Cuenta: <\/span>ES55 1491 0001 2320 0721 9823. Gracias<\/i><\/u><i>.<\/i><u><i><\/i><\/u><\/b><\/div>\n<div><span style=\"font-size: small;\">\u00a0<\/span><\/div>\n<div>\n<div class=\"yj6qo\"><\/div>\n<div class=\"adL\"><\/div>\n<\/div>\n<\/div>\n<\/div>\n<\/div>\n<\/div>\n<\/div>\n<\/div>\n<\/div>\n<\/div>\n","protected":false},"excerpt":{"rendered":"<p>Como cada a\u00f1o por estas fechas, volvemos a ofrecer una excursi\u00f3n abierta a cuantas personas deseen acompa\u00f1arnos y apta para ni\u00f1os, j\u00f3venes, adultos y mayores. Se trata de la excursi\u00f3n al embalse de Bolarque, lugar donde al Tajo su nombre &hellip; <a href=\"http:\/\/tajotoledo.es\/?page_id=3033\">Continuar<\/a><\/p>\n","protected":false},"author":3,"featured_media":0,"parent":0,"menu_order":0,"comment_status":"closed","ping_status":"closed","template":"page-feature.php","meta":[],"_links":{"self":[{"href":"http:\/\/tajotoledo.es\/index.php?rest_route=\/wp\/v2\/pages\/3033"}],"collection":[{"href":"http:\/\/tajotoledo.es\/index.php?rest_route=\/wp\/v2\/pages"}],"about":[{"href":"http:\/\/tajotoledo.es\/index.php?rest_route=\/wp\/v2\/types\/page"}],"author":[{"embeddable":true,"href":"http:\/\/tajotoledo.es\/index.php?rest_route=\/wp\/v2\/users\/3"}],"replies":[{"embeddable":true,"href":"http:\/\/tajotoledo.es\/index.php?rest_route=%2Fwp%2Fv2%2Fcomments&post=3033"}],"version-history":[{"count":4,"href":"http:\/\/tajotoledo.es\/index.php?rest_route=\/wp\/v2\/pages\/3033\/revisions"}],"predecessor-version":[{"id":3036,"href":"http:\/\/tajotoledo.es\/index.php?rest_route=\/wp\/v2\/pages\/3033\/revisions\/3036"}],"wp:attachment":[{"href":"http:\/\/tajotoledo.es\/index.php?rest_route=%2Fwp%2Fv2%2Fmedia&parent=3033"}],"curies":[{"name":"wp","href":"https:\/\/api.w.org\/{rel}","templated":true}]}}