{"id":2733,"date":"2019-01-17T09:51:02","date_gmt":"2019-01-17T08:51:02","guid":{"rendered":"http:\/\/tajotoledo.es\/?page_id=2733"},"modified":"2019-02-13T02:17:44","modified_gmt":"2019-02-13T01:17:44","slug":"protegetuagua-campana-de-apoyo-a-la-directiva-marco-del-agua","status":"publish","type":"page","link":"http:\/\/tajotoledo.es\/?page_id=2733","title":{"rendered":"Campa\u00f1a de apoyo a la Directiva Marco del Agua."},"content":{"rendered":"<h5 style=\"text-align: center;\"><strong><a href=\"https:\/\/www.wwf.es\/nuestro_trabajo_\/agua\/protege_tu_agua\/consulta_dma\/\" target=\"_blank\" rel=\"noopener\">#ProtegeTuAgua<\/a><\/strong><\/h5>\n<p style=\"text-align: justify;\">Desde que se public\u00f3 la <strong><a href=\"http:\/\/eur-lex.europa.eu\/legal-content\/ES\/TXT\/PDF\/?uri=CELEX:02000L0060-20141120&amp;from=ES\" target=\"_blank\" rel=\"noopener\">Directiva Marco del Agua<\/a><\/strong> (DMA) en el a\u00f1o 2000, muchas personas y colectivos vieron en ella la norma que obliga a todos los Estados de la U.E. a sanear sus sistemas acu\u00e1ticos; tambi\u00e9n el Tajo, cuya sociedad civil empez\u00f3 a organizarse a lo largo y ancho de la cuenca creando numerosas asociaciones y plataformas en defensa de sus r\u00edos, acuiferos y humedales.<\/p>\n<p style=\"text-align: justify;\">Hoy, 18 a\u00f1os despu\u00e9s, tras la desidia de muchos Estados en cumplirla con rigor, la Comisi\u00f3n Europea ha lanzado una <strong><a href=\"https:\/\/ec.europa.eu\/info\/law\/better-regulation\/initiatives\/ares-2017-5128184\/public-consultation_es\" target=\"_blank\" rel=\"noopener\">encuesta<\/a><\/strong> p\u00fablica ciudadana, dirigida a particulares y organizaciones sociales de todo tipo, proponiendo renunciar a sus niveles iniciales de exigencia, lo que supone renunciar a recuperar nuestros r\u00edos y poner en jaque la calidad de nuestras aguas y de todos los sistemas acu\u00e1ticos.<\/p>\n<p style=\"text-align: justify;\">Para evitarlo, varios colectivos que operan a nivel europeo para la protecci\u00f3n de los recursos h\u00eddricos -entre ellos la\u00a0 <strong><a href=\"https:\/\/vimeo.com\/313656059\" target=\"_blank\" rel=\"noopener\">World Wildlife Fund (WWF)<\/a><\/strong>&#8211; han promovido la coalici\u00f3n <strong><a href=\"http:\/\/www.wwf.eu\/what_we_do\/water\/living_rivers_europe\/\" target=\"_blank\" rel=\"noopener\">Living Rivers Europe (LRE)<\/a><\/strong> con el fin de difundir esta amenaza y movilizar a la ciudadan\u00eda europea para que participemos en la <strong><a href=\"https:\/\/ec.europa.eu\/eusurvey\/runner\/water-fitnesscheck-publicconsultation-2018?surveylanguage=es\" target=\"_blank\" rel=\"noopener\">encuesta formulada por la Comisi\u00f3n Europea<\/a><\/strong> y respondamos de forma activa y comprometida con <a href=\"http:\/\/awsassets.wwf.es\/downloads\/respuestas_wwf_consulta_publica_europea_directiva_marco_del_agua.pdf\" target=\"_blank\" rel=\"noopener\"><strong>argumentos que dan validez, continuidad y refuerzo a la DMA<\/strong><\/a>.<\/p>\n<p style=\"text-align: justify;\">El planeta es agua, la Naturaleza es agua, somos agua y ese es el mayor patrimonio que tenemos.Y hoy nos toca defenderlo en Europa. Participa y dif\u00fandelo tanto como puedas entre contactos, colectivos e instituciones de todos los \u00e1mbitos.<\/p>\n<h5 style=\"text-align: center;\"><span style=\"color: #3366ff;\"><em><a style=\"color: #3366ff;\" href=\"https:\/\/www.wwf.es\/nuestro_trabajo_\/agua\/protege_tu_agua\/consulta_dma\/\" target=\"_blank\" rel=\"noopener\"><strong>PINCHA ESTE ENLACE PARA ACCEDER, CONOCER Y RESPONDER A LA ENCUESTA<\/strong><\/a><\/em><\/span><\/h5>\n<p style=\"text-align: justify;\">En Espa\u00f1a, adem\u00e1s, varios colectivos <a href=\"\/wp-content\/uploads\/2019\/02\/Manifiesto-Todos%20con%20la%20DMA-06Feb2019-FINAL.pdf\" data-wplink-edit=\"true\"><strong>hemos elaborado un manifiesto abierto a la adhesi\u00f3n<\/strong><\/a> de cualquier otro colectivo o instituci\u00f3n en el que instamos a la sociedad y tambi\u00e9n al Gobierno a defender en Europa la DMA<b> <\/b>frente a aquellos que quieren debilitarla. El posicionamiento de <a href=\"\/wp-content\/uploads\/2019\/01\/DocTecnico-Todos%20con%20la%20DMA-Dic2018.pdf\" data-wplink-edit=\"true\"><strong>ese manifiesto se basa en criterios estrictamente t\u00e9cnicos<\/strong><\/a> sobre el conocimiento de esta norma europea, a fin de contrarrestar la presi\u00f3n que otros est\u00e1n ejerciendo para debilitarla. El d\u00eda 13 de febrero a las 11:00 horas se har\u00e1n p\u00fablicos estos documentos en la sede de la Comisi\u00f3n Europea en Madrid.<\/p>\n<p style=\"text-align: justify;\"><strong>Necesitamos contar con el apoyo y adhesi\u00f3n al manifiesto por parte del mayor n\u00famero de entidades<\/strong>, ya sean ambientales, agrarias, sindicales, acad\u00e9micas, deportivas, vecinales, instituciones, centros de investigaci\u00f3n, etc. Para ello <strong>basta contactar directamente con el coordinador de este trabajo, Rafael Seiz, en su correo electr\u00f3nico rseiz@wwf.es<\/strong>. Se\u00a0 ruega colaboraci\u00f3n para dar la m\u00e1xima difusi\u00f3n.<\/p>\n","protected":false},"excerpt":{"rendered":"<p>#ProtegeTuAgua Desde que se public\u00f3 la Directiva Marco del Agua (DMA) en el a\u00f1o 2000, muchas personas y colectivos vieron en ella la norma que obliga a todos los Estados de la U.E. a sanear sus sistemas acu\u00e1ticos; tambi\u00e9n el &hellip; <a href=\"http:\/\/tajotoledo.es\/?page_id=2733\">Continuar<\/a><\/p>\n","protected":false},"author":3,"featured_media":0,"parent":0,"menu_order":0,"comment_status":"closed","ping_status":"closed","template":"page-feature.php","meta":[],"_links":{"self":[{"href":"http:\/\/tajotoledo.es\/index.php?rest_route=\/wp\/v2\/pages\/2733"}],"collection":[{"href":"http:\/\/tajotoledo.es\/index.php?rest_route=\/wp\/v2\/pages"}],"about":[{"href":"http:\/\/tajotoledo.es\/index.php?rest_route=\/wp\/v2\/types\/page"}],"author":[{"embeddable":true,"href":"http:\/\/tajotoledo.es\/index.php?rest_route=\/wp\/v2\/users\/3"}],"replies":[{"embeddable":true,"href":"http:\/\/tajotoledo.es\/index.php?rest_route=%2Fwp%2Fv2%2Fcomments&post=2733"}],"version-history":[{"count":22,"href":"http:\/\/tajotoledo.es\/index.php?rest_route=\/wp\/v2\/pages\/2733\/revisions"}],"predecessor-version":[{"id":2871,"href":"http:\/\/tajotoledo.es\/index.php?rest_route=\/wp\/v2\/pages\/2733\/revisions\/2871"}],"wp:attachment":[{"href":"http:\/\/tajotoledo.es\/index.php?rest_route=%2Fwp%2Fv2%2Fmedia&parent=2733"}],"curies":[{"name":"wp","href":"https:\/\/api.w.org\/{rel}","templated":true}]}}