{"id":2341,"date":"2018-04-24T02:56:01","date_gmt":"2018-04-24T00:56:01","guid":{"rendered":"http:\/\/tajotoledo.es\/?page_id=2341"},"modified":"2018-06-06T01:47:25","modified_gmt":"2018-06-05T23:47:25","slug":"26-de-mayo-de-2018-excursion-a-aranjuez-y-bolarque","status":"publish","type":"page","link":"http:\/\/tajotoledo.es\/?page_id=2341","title":{"rendered":"26 de mayo de 2018: Excursi\u00f3n a Aranjuez y Bolarque."},"content":{"rendered":"<div class=\"gmail_default\" style=\"text-align: left;\"><a href=\"http:\/\/tajotoledo.es\/wp-content\/uploads\/2018\/05\/20180526%20-%20Cr%C3%B3nica%20de%20la%20excursi%C3%B3n%20a%20Bolarque.pdf\" target=\"_blank\" rel=\"noopener\"><strong>Rese\u00f1a de la excursi\u00f3n<\/strong><\/a>\u00a0\u00a0\u00a0 &#8211;\u00a0\u00a0\u00a0\u00a0 <a href=\"http:\/\/tajotoledo.es\/wp-content\/uploads\/2018\/05\/20180526%20-%20De%20nuevo%20por%20Bolarque..pdf\" target=\"_blank\" rel=\"noopener\"><strong>Cr\u00f3nica literaria<\/strong><\/a> (Juan Jos\u00e9 Fern\u00e1ndez)\u00a0\u00a0\u00a0\u00a0 &#8211;\u00a0\u00a0\u00a0\u00a0 <a href=\"https:\/\/youtu.be\/5sSvZGt-srM\" target=\"_blank\" rel=\"noopener\"><strong>V\u00eddeo (*)<\/strong><\/a> (Ismael Carro)<\/div>\n<h6><strong>(*)<\/strong> En el minuto 5:50 se hace referencia err\u00f3nea al r\u00edo Cig\u00fcela en lugar de al Guadiela. Rogamos disculpas por el error.<\/h6>\n<p>&nbsp;<\/p>\n<div>\n<p style=\"text-align: justify;\">Ami<a href=\"http:\/\/tajotoledo.es\/wp-content\/uploads\/2018\/04\/Cartel-excursion-Aranjuez-Bolarque-mayo18.jpg\"><img loading=\"lazy\" class=\"size-medium wp-image-2339 alignleft\" src=\"http:\/\/tajotoledo.es\/wp-content\/uploads\/2018\/04\/Cartel-excursion-Aranjuez-Bolarque-mayo18-212x300.jpg\" alt=\"\" width=\"212\" height=\"300\" srcset=\"http:\/\/tajotoledo.es\/wp-content\/uploads\/2018\/04\/Cartel-excursion-Aranjuez-Bolarque-mayo18-212x300.jpg 212w, http:\/\/tajotoledo.es\/wp-content\/uploads\/2018\/04\/Cartel-excursion-Aranjuez-Bolarque-mayo18-768x1086.jpg 768w, http:\/\/tajotoledo.es\/wp-content\/uploads\/2018\/04\/Cartel-excursion-Aranjuez-Bolarque-mayo18-724x1024.jpg 724w, http:\/\/tajotoledo.es\/wp-content\/uploads\/2018\/04\/Cartel-excursion-Aranjuez-Bolarque-mayo18.jpg 1240w\" sizes=\"(max-width: 212px) 100vw, 212px\" \/><\/a>gas y amigos del Tajo y sus r\u00edos:<\/p>\n<p style=\"text-align: justify;\">El Ateneo Cient\u00edfico y Literario de Toledo y la Asociaci\u00f3n\u200b \u200bCultural Montes de Toledo nos han manifestado su deseo de organizar una excursi\u00f3n a la junta de los r\u00edos Jarama-Tajo y a Bolarque y nos han pedido la implicaci\u00f3n de la Plataforma para llevarlo a cabo.<\/p>\n<p style=\"text-align: justify;\">Como ya hicimos con otros colectivos, hemos aceptado la propuesta y, como es habitual, esta excursi\u00f3n est\u00e1 abierta a cuantas personas deseen acompa\u00f1arnos.<\/p>\n<p style=\"text-align: justify;\">Por tanto, volvemos a organizar la excursi\u00f3n al embalse de Bolarque -lugar donde al Tajo su nombre roban al quedar estrangulado por el inicio del trasvase Tajo-Segura (TTS)- y a la junta de los r\u00edos Tajo-Jarama en Aranjuez- lugar donde el Tajo entrega el \u00faltimo hilo de vida despu\u00e9s de ese estrangulamiento. Una excursi\u00f3n frontera entre el antes y el despu\u00e9s de lo que puedas sentir por el Tajo.<\/p>\n<p><u><b>Descripci\u00f3n<\/b><\/u><\/p>\n<p style=\"text-align: justify;\">Se trata de una excursi\u00f3n de d\u00eda completo con la siguiente planificaci\u00f3n:<\/p>\n<ul>\n<li style=\"text-align: justify;\">Salida el d\u00eda 26 de mayo, s\u00e1bado, a las 9:00 horas desde el Centro Cultural San Ildefonso, junto al puente de La Cava y a la mezquita del Cristo de la Vega.<\/li>\n<li style=\"text-align: justify;\">Hacia las 9:15 pararemos en la Biblioteca del Pol\u00edgono a recoger a quienes vengan desde all\u00ed.<\/li>\n<li style=\"text-align: justify;\">Sobre las 10:30 visitaremos en Aranjuez la junta de los r\u00edos, donde, tras un paseo de apenas 1 km., nos encontraremos con las pocas aguas del Tajo que han escapado de su estrangulamiento en Bolarque y son engullidas por las cloacas del Jarama, que ya arrastra los despojos del Manzanares.<\/li>\n<li style=\"text-align: justify;\">Posteriormente repondremos fuerzas desayunando en Aranjuez.<\/li>\n<li style=\"text-align: justify;\">Sobre las 12:30 saldremos hacia el embalse de Bolarque.<\/li>\n<li style=\"text-align: justify;\">Hacia las 13:30 haremos una breve parada para contemplar el TTS en su formato de canal y t\u00fanel.<\/li>\n<li style=\"text-align: justify;\">Hasta las 17:00 horas, disfrutaremos del entorno de Bolarque, donde podremos comer al aire libre el picnic que cada cual se haya preparado, contemplar y disfrutar las claras aguas del r\u00edo Tajo, y pasmarnos entre los gigantescos tubos \u00a0que succionan las aguas impolutas del r\u00edo Tajo para ser entregadas al TTS. Si vamos bien de tiempo, podr\u00edamos incluso acercarnos a tomar caf\u00e9 a Saced\u00f3n para contemplar el saqueo de su cabecera.<\/li>\n<li style=\"text-align: justify;\">Despu\u00e9s, iniciaremos el viaje de regreso a Toledo y haremos una parada intermedia para tomar un refrigerio.<\/li>\n<li style=\"text-align: justify;\">Hacia las 20:00 habremos vuelto a Toledo. Fin de la excursi\u00f3n.<\/li>\n<\/ul>\n<p><u><b>Colaboraciones<\/b><\/u><\/p>\n<p style=\"text-align: justify;\">Esta excursi\u00f3n pretende servir de conocimiento y sensibilizar a los excursionistas y a la opini\u00f3n p\u00fablica en general sobre la dimensi\u00f3n de los problemas m\u00e1s acuciantes que sufre el r\u00edo Tajo y de las consecuencias que ello provoca y sufren los ciudadanos ribere\u00f1os a lo largo de la cuenca. Desde la Plataforma, pretendemos que ese conocimiento y sensibilizaci\u00f3n sean adquiridos de manera emp\u00edrica, l\u00fadica y guiada. Por ello, hacemos un llamamiento de colaboraci\u00f3n entre el posible profesorado universitario o de bachillerato que desde su \u00e1mbito competencial quiera y pueda colaborar en ayudarnos a interpretar el paisaje, la cultura, la industria, etc. que subyace del recorrido de esta excursi\u00f3n.<\/p>\n<p style=\"text-align: justify;\">Por otra parte, entendemos que esta actividad bien puede concebirse como evento factible de ser reproducido tanto en el aula, como en la familia o entre el tejido asociativo de nuestro entorno m\u00e1s pr\u00f3ximo. En este sentido, la Plataforma de Toledo en Defensa del Tajo gustosamente est\u00e1 dispuesta a colaborar y queda a disposici\u00f3n para organizar o participar en cuantas propuestas se hayan de plantear.<\/p>\n<p><u><b>Condiciones<\/b><\/u><\/p>\n<p style=\"text-align: justify;\"><strong>La inscripci\u00f3n previa y con antelaci\u00f3n de varios d\u00edas es obligatoria<\/strong> a fin de determinar el n\u00famero de plazas de viaje a gestionar.<\/p>\n<p style=\"text-align: justify;\"><strong>El viaje se har\u00e1 en autob\u00fas si se consigue un m\u00ednimo de 26 personas<\/strong>, aportando cada una \u00a015 euros si es adulta y 5 si es menor. Se cobrar\u00e1 en el autob\u00fas.<\/p>\n<p style=\"text-align: justify;\">En caso contrario, y siempre que el n\u00famero de participantes sea superior a 10, nos repartiremos en coches particulares voluntarios a raz\u00f3n de 4 personas por coche, compartiendo los gastos de gasolina en cada coche entre sus ocupantes.<\/p>\n<p style=\"text-align: justify;\">Las consumiciones que se hagan durante el viaje, corren a cargo de cada pasajero.<\/p>\n<p><u><b>Inscripciones<\/b><\/u><\/p>\n<p style=\"text-align: justify;\"><strong>El plazo de inscripci\u00f3n previa finaliza el s\u00e1bado d\u00eda 10 de mayo a las 10:00 horas<\/strong>, aunque rogamos que las inscripciones se hagan lo m\u00e1s pronto posible para organizar el transporte. Finalizado el plazo de inscripci\u00f3n previa, se aceptan nuevas inscripciones hasta completar el autob\u00fas.<\/p>\n<p style=\"text-align: justify;\">Se pueden hacer las inscripciones <strong>por tel\u00e9fono o whatsapp al 670534182\/ 645388309 y por correo electr\u00f3nico a la direcci\u00f3n secretaria@ateneodetoledo.org<\/strong>. En ambos casos deber\u00e1n facilitarse los siguientes datos: Nombre y apellidos, tel\u00e9fono de contacto y correo electr\u00f3nico, as\u00ed como el n\u00famero de personas adultas y menores para las que se reserva plaza.<\/p>\n<p style=\"text-align: justify;\">Cada inscripci\u00f3n ser\u00e1 confirmada por el Ateneo. No obstante, si no se llegara a reunir el n\u00famero m\u00ednimo de 10 inscripciones antes del plazo de finalizaci\u00f3n, el Ateneo comunicar\u00eda en ese momento la cancelaci\u00f3n de la actividad.<\/p>\n<p><u><b>M\u00e1s informaci\u00f3n<\/b><\/u><\/p>\n<p style=\"text-align: justify;\">Cabr\u00eda la posibilidad de visitar el Museo de Bolarque que la Fundaci\u00f3n Gas Natural FENOSA ofrece junto a la visita guiada al entorno y sus instalaciones.<\/p>\n<p style=\"text-align: justify;\">Nadie que nos haya acompa\u00f1ado en otras ediciones ha quedado impasible. An\u00edmate a venir de excursi\u00f3n y conocer el Tajo del que nos privan y ver c\u00f3mo lo hacen. Seguro que, despu\u00e9s de esta visita, encontrar\u00e1s en la Plataforma m\u00e1s motivos para participar de sus actividades a favor del Tajo. Dif\u00fandelo entre tus contactos y participa en nuestro voluntariado: <a href=\"http:\/\/www.tajotoledo.es\">www.tajotoledo.es<\/a><\/p>\n<p style=\"text-align: justify;\">Es recomendable llevar ropa y calzado deportivos, c\u00e1mara y prism\u00e1ticos. El tiempo est\u00e1 asegurado.<\/p>\n<p style=\"text-align: justify;\">En <a href=\"https:\/\/www.youtube.com\/watch?v=A5rYGpLZBnw\">este enlace<\/a> encontrar\u00e1s el montaje en video que hizo nuestro colaborador Emilio Rubio en su primer viaje.<\/p>\n<p>Saludos y feliz excursi\u00f3n.<\/p>\n<p>&nbsp;<\/p>\n<p><span style=\"font-size: small;\">Plataforma de Toledo en Defensa del Tajo &#8211; www.tajotoledo.es<br \/>\nPor un Tajo Limpio y con Caudal: \u00a1DEFENDAMOS NUESTROS R\u00cdOS!<\/span><br \/>\n<b><span style=\"font-size: small;\">Admitimos donativos. Cuenta: ES55 1491 0001 2320 0721 9823. Gracias.<\/span><\/b><\/p>\n<\/div>\n","protected":false},"excerpt":{"rendered":"<p>Rese\u00f1a de la excursi\u00f3n\u00a0\u00a0\u00a0 &#8211;\u00a0\u00a0\u00a0\u00a0 Cr\u00f3nica literaria (Juan Jos\u00e9 Fern\u00e1ndez)\u00a0\u00a0\u00a0\u00a0 &#8211;\u00a0\u00a0\u00a0\u00a0 V\u00eddeo (*) (Ismael Carro) (*) En el minuto 5:50 se hace referencia err\u00f3nea al r\u00edo Cig\u00fcela en lugar de al Guadiela. Rogamos disculpas por el error. &nbsp; Amigas y &hellip; <a href=\"http:\/\/tajotoledo.es\/?page_id=2341\">Continuar<\/a><\/p>\n","protected":false},"author":3,"featured_media":0,"parent":0,"menu_order":0,"comment_status":"closed","ping_status":"closed","template":"page-feature.php","meta":[],"_links":{"self":[{"href":"http:\/\/tajotoledo.es\/index.php?rest_route=\/wp\/v2\/pages\/2341"}],"collection":[{"href":"http:\/\/tajotoledo.es\/index.php?rest_route=\/wp\/v2\/pages"}],"about":[{"href":"http:\/\/tajotoledo.es\/index.php?rest_route=\/wp\/v2\/types\/page"}],"author":[{"embeddable":true,"href":"http:\/\/tajotoledo.es\/index.php?rest_route=\/wp\/v2\/users\/3"}],"replies":[{"embeddable":true,"href":"http:\/\/tajotoledo.es\/index.php?rest_route=%2Fwp%2Fv2%2Fcomments&post=2341"}],"version-history":[{"count":10,"href":"http:\/\/tajotoledo.es\/index.php?rest_route=\/wp\/v2\/pages\/2341\/revisions"}],"predecessor-version":[{"id":2493,"href":"http:\/\/tajotoledo.es\/index.php?rest_route=\/wp\/v2\/pages\/2341\/revisions\/2493"}],"wp:attachment":[{"href":"http:\/\/tajotoledo.es\/index.php?rest_route=%2Fwp%2Fv2%2Fmedia&parent=2341"}],"curies":[{"name":"wp","href":"https:\/\/api.w.org\/{rel}","templated":true}]}}

26 de mayo de 2018: Excursión a Aranjuez y Bolarque.

<div class="gmail_default" style="text-align: left;"><a href="http://tajotoledo.es/wp-content/uploads/2018/05/20180526%20-%20Cr%C3%B3nica%20de%20la%20excursi%C3%B3n%20a%20Bolarque.pdf" target="_blank" rel="noopener"><strong>Reseña de la excursión</strong></a>    &#8211;     <a href="http://tajotoledo.es/wp-content/uploads/2018/05/20180526%20-%20De%20nuevo%20por%20Bolarque..pdf" target="_blank" rel="noopener"><strong>Crónica literaria</strong></a> (Juan José Fernández)     &#8211;     <a href="https://youtu.be/5sSvZGt-srM" target="_blank" rel="noopener"><strong>Vídeo (*)</strong></a> (Ismael Carro)</div>
<h6><strong>(*)</strong> En el minuto 5:50 se hace referencia errónea al río Cigüela en lugar de al Guadiela. Rogamos disculpas por el error.</h6>
<p>&nbsp;</p>
<div>
<p style="text-align: justify;">Ami<a href="http://tajotoledo.es/wp-content/uploads/2018/04/Cartel-excursion-Aranjuez-Bolarque-mayo18.jpg"><img loading="lazy" class="size-medium wp-image-2339 alignleft" src="http://tajotoledo.es/wp-content/uploads/2018/04/Cartel-excursion-Aranjuez-Bolarque-mayo18-212x300.jpg" alt="" width="212" height="300" srcset="http://tajotoledo.es/wp-content/uploads/2018/04/Cartel-excursion-Aranjuez-Bolarque-mayo18-212x300.jpg 212w, http://tajotoledo.es/wp-content/uploads/2018/04/Cartel-excursion-Aranjuez-Bolarque-mayo18-768x1086.jpg 768w, http://tajotoledo.es/wp-content/uploads/2018/04/Cartel-excursion-Aranjuez-Bolarque-mayo18-724x1024.jpg 724w, http://tajotoledo.es/wp-content/uploads/2018/04/Cartel-excursion-Aranjuez-Bolarque-mayo18.jpg 1240w" sizes="(max-width: 212px) 100vw, 212px" /></a>gas y amigos del Tajo y sus ríos:</p>
<p style="text-align: justify;">El Ateneo Científico y Literario de Toledo y la Asociación​ ​Cultural Montes de Toledo nos han manifestado su deseo de organizar una excursión a la junta de los ríos Jarama-Tajo y a Bolarque y nos han pedido la implicación de la Plataforma para llevarlo a cabo.</p>
<p style="text-align: justify;">Como ya hicimos con otros colectivos, hemos aceptado la propuesta y, como es habitual, esta excursión está abierta a cuantas personas deseen acompañarnos.</p>
<p style="text-align: justify;">Por tanto, volvemos a organizar la excursión al embalse de Bolarque -lugar donde al Tajo su nombre roban al quedar estrangulado por el inicio del trasvase Tajo-Segura (TTS)- y a la junta de los ríos Tajo-Jarama en Aranjuez- lugar donde el Tajo entrega el último hilo de vida después de ese estrangulamiento. Una excursión frontera entre el antes y el después de lo que puedas sentir por el Tajo.</p>
<p><u><b>Descripción</b></u></p>
<p style="text-align: justify;">Se trata de una excursión de día completo con la siguiente planificación:</p>
<ul>
<li style="text-align: justify;">Salida el día 26 de mayo, sábado, a las 9:00 horas desde el Centro Cultural San Ildefonso, junto al puente de La Cava y a la mezquita del Cristo de la Vega.</li>
<li style="text-align: justify;">Hacia las 9:15 pararemos en la Biblioteca del Polígono a recoger a quienes vengan desde allí.</li>
<li style="text-align: justify;">Sobre las 10:30 visitaremos en Aranjuez la junta de los ríos, donde, tras un paseo de apenas 1 km., nos encontraremos con las pocas aguas del Tajo que han escapado de su estrangulamiento en Bolarque y son engullidas por las cloacas del Jarama, que ya arrastra los despojos del Manzanares.</li>
<li style="text-align: justify;">Posteriormente repondremos fuerzas desayunando en Aranjuez.</li>
<li style="text-align: justify;">Sobre las 12:30 saldremos hacia el embalse de Bolarque.</li>
<li style="text-align: justify;">Hacia las 13:30 haremos una breve parada para contemplar el TTS en su formato de canal y túnel.</li>
<li style="text-align: justify;">Hasta las 17:00 horas, disfrutaremos del entorno de Bolarque, donde podremos comer al aire libre el picnic que cada cual se haya preparado, contemplar y disfrutar las claras aguas del río Tajo, y pasmarnos entre los gigantescos tubos  que succionan las aguas impolutas del río Tajo para ser entregadas al TTS. Si vamos bien de tiempo, podríamos incluso acercarnos a tomar café a Sacedón para contemplar el saqueo de su cabecera.</li>
<li style="text-align: justify;">Después, iniciaremos el viaje de regreso a Toledo y haremos una parada intermedia para tomar un refrigerio.</li>
<li style="text-align: justify;">Hacia las 20:00 habremos vuelto a Toledo. Fin de la excursión.</li>
</ul>
<p><u><b>Colaboraciones</b></u></p>
<p style="text-align: justify;">Esta excursión pretende servir de conocimiento y sensibilizar a los excursionistas y a la opinión pública en general sobre la dimensión de los problemas más acuciantes que sufre el río Tajo y de las consecuencias que ello provoca y sufren los ciudadanos ribereños a lo largo de la cuenca. Desde la Plataforma, pretendemos que ese conocimiento y sensibilización sean adquiridos de manera empírica, lúdica y guiada. Por ello, hacemos un llamamiento de colaboración entre el posible profesorado universitario o de bachillerato que desde su ámbito competencial quiera y pueda colaborar en ayudarnos a interpretar el paisaje, la cultura, la industria, etc. que subyace del recorrido de esta excursión.</p>
<p style="text-align: justify;">Por otra parte, entendemos que esta actividad bien puede concebirse como evento factible de ser reproducido tanto en el aula, como en la familia o entre el tejido asociativo de nuestro entorno más próximo. En este sentido, la Plataforma de Toledo en Defensa del Tajo gustosamente está dispuesta a colaborar y queda a disposición para organizar o participar en cuantas propuestas se hayan de plantear.</p>
<p><u><b>Condiciones</b></u></p>
<p style="text-align: justify;"><strong>La inscripción previa y con antelación de varios días es obligatoria</strong> a fin de determinar el número de plazas de viaje a gestionar.</p>
<p style="text-align: justify;"><strong>El viaje se hará en autobús si se consigue un mínimo de 26 personas</strong>, aportando cada una  15 euros si es adulta y 5 si es menor. Se cobrará en el autobús.</p>
<p style="text-align: justify;">En caso contrario, y siempre que el número de participantes sea superior a 10, nos repartiremos en coches particulares voluntarios a razón de 4 personas por coche, compartiendo los gastos de gasolina en cada coche entre sus ocupantes.</p>
<p style="text-align: justify;">Las consumiciones que se hagan durante el viaje, corren a cargo de cada pasajero.</p>
<p><u><b>Inscripciones</b></u></p>
<p style="text-align: justify;"><strong>El plazo de inscripción previa finaliza el sábado día 10 de mayo a las 10:00 horas</strong>, aunque rogamos que las inscripciones se hagan lo más pronto posible para organizar el transporte. Finalizado el plazo de inscripción previa, se aceptan nuevas inscripciones hasta completar el autobús.</p>
<p style="text-align: justify;">Se pueden hacer las inscripciones <strong>por teléfono o whatsapp al 670534182/ 645388309 y por correo electrónico a la dirección secretaria@ateneodetoledo.org</strong>. En ambos casos deberán facilitarse los siguientes datos: Nombre y apellidos, teléfono de contacto y correo electrónico, así como el número de personas adultas y menores para las que se reserva plaza.</p>
<p style="text-align: justify;">Cada inscripción será confirmada por el Ateneo. No obstante, si no se llegara a reunir el número mínimo de 10 inscripciones antes del plazo de finalización, el Ateneo comunicaría en ese momento la cancelación de la actividad.</p>
<p><u><b>Más información</b></u></p>
<p style="text-align: justify;">Cabría la posibilidad de visitar el Museo de Bolarque que la Fundación Gas Natural FENOSA ofrece junto a la visita guiada al entorno y sus instalaciones.</p>
<p style="text-align: justify;">Nadie que nos haya acompañado en otras ediciones ha quedado impasible. Anímate a venir de excursión y conocer el Tajo del que nos privan y ver cómo lo hacen. Seguro que, después de esta visita, encontrarás en la Plataforma más motivos para participar de sus actividades a favor del Tajo. Difúndelo entre tus contactos y participa en nuestro voluntariado: <a href="http://www.tajotoledo.es">www.tajotoledo.es</a></p>
<p style="text-align: justify;">Es recomendable llevar ropa y calzado deportivos, cámara y prismáticos. El tiempo está asegurado.</p>
<p style="text-align: justify;">En <a href="https://www.youtube.com/watch?v=A5rYGpLZBnw">este enlace</a> encontrarás el montaje en video que hizo nuestro colaborador Emilio Rubio en su primer viaje.</p>
<p>Saludos y feliz excursión.</p>
<p>&nbsp;</p>
<p><span style="font-size: small;">Plataforma de Toledo en Defensa del Tajo &#8211; www.tajotoledo.es<br />
Por un Tajo Limpio y con Caudal: ¡DEFENDAMOS NUESTROS RÍOS!</span><br />
<b><span style="font-size: small;">Admitimos donativos. Cuenta: ES55 1491 0001 2320 0721 9823. Gracias.</span></b></p>
</div>

<p>Reseña de la excursión    &#8211;     Crónica literaria (Juan José Fernández)     &#8211;     Vídeo (*) (Ismael Carro) (*) En el minuto 5:50 se hace referencia errónea al río Cigüela en lugar de al Guadiela. Rogamos disculpas por el error. &nbsp; Amigas y &hellip; <a href="http://tajotoledo.es/?page_id=2341">Continuar</a></p>
