{"id":1788,"date":"2017-07-01T14:26:22","date_gmt":"2017-07-01T12:26:22","guid":{"rendered":"http:\/\/tajotoledo.es\/?page_id=1788"},"modified":"2017-07-02T13:14:54","modified_gmt":"2017-07-02T11:14:54","slug":"exposicion-del-tajo-en-la-camara-bufa-de-toledo","status":"publish","type":"page","link":"http:\/\/tajotoledo.es\/?page_id=1788","title":{"rendered":"Exposici\u00f3n del Tajo en la C\u00e1mara Bufa de Toledo."},"content":{"rendered":"<p><a href=\"http:\/\/tajotoledo.es\/wp-content\/uploads\/2017\/07\/Cartel-C\u00e1mara-Bufa-Toledo.jpg\"><img loading=\"lazy\" class=\"size-medium wp-image-1789 alignleft\" src=\"http:\/\/tajotoledo.es\/wp-content\/uploads\/2017\/07\/Cartel-C\u00e1mara-Bufa-Toledo-212x300.jpg\" alt=\"\" width=\"212\" height=\"300\" srcset=\"http:\/\/tajotoledo.es\/wp-content\/uploads\/2017\/07\/Cartel-C\u00e1mara-Bufa-Toledo-212x300.jpg 212w, http:\/\/tajotoledo.es\/wp-content\/uploads\/2017\/07\/Cartel-C\u00e1mara-Bufa-Toledo-768x1086.jpg 768w, http:\/\/tajotoledo.es\/wp-content\/uploads\/2017\/07\/Cartel-C\u00e1mara-Bufa-Toledo-724x1024.jpg 724w, http:\/\/tajotoledo.es\/wp-content\/uploads\/2017\/07\/Cartel-C\u00e1mara-Bufa-Toledo.jpg 794w\" sizes=\"(max-width: 212px) 100vw, 212px\" \/><\/a>La <a href=\"http:\/\/consorciotoledo.org\/patrimonio\/camara-bufa-convento-las-concepcionistas\/\" target=\"_blank\" rel=\"noopener noreferrer\">C\u00e1mara Bufa<\/a> es un corredor que da acceso a la visita guiada que los viernes a las 11:00 de la ma\u00f1ana ofrece el <a href=\"http:\/\/consorciotoledo.com\/mcomunicacion\/index.asp\" target=\"_blank\" rel=\"noopener noreferrer\">Consorcio de Toledo<\/a> a la cripta y capilla de San Jer\u00f3nimo, en el Convento de las Concepcionistas, como una de las <a href=\"http:\/\/consorciotoledo.org\/patrimonio\/rutas-patrimonio-desconocido-2\/\" target=\"_blank\" rel=\"noopener noreferrer\">Rutas del Patrimonio Desconocido de Toledo<\/a>.<\/p>\n<p style=\"text-align: justify;\">Ese espacio se ha habilitado como sala de exposiciones. Durante los meses de julio y agosto, el Consorcio de Toledo ha aceptado que la C\u00e1mara Bufa acoja la exposici\u00f3n itinerante &#8220;<a href=\"\/wp-content\/uploads\/2017\/07\/D%C3%ADptico%20C%C3%A1mara%20Bufa.pdf\" target=\"_blank\" rel=\"noopener noreferrer\">El Tajo, la asignatura pendiente<\/a>&#8221; fruto de la colaboraci\u00f3n de la Plataforma de Toledo en Defensa del Tajo con la UCLM.<\/p>\n<p style=\"text-align: justify;\">Aunque las visitas al convento s\u00f3lo est\u00e1n programadas para los viernes por la ma\u00f1ana, la C\u00e1mara Bufa se puede visitar libremente como sala de exposiciones todos los viernes y s\u00e1bados de 19:30 a 22:30 y los domingos de 10:30 a 13:30.<\/p>\n<p style=\"text-align: justify;\">Es una ocasi\u00f3n que tiene el Tajo de expresarse ante la ciudadan\u00eda toledana y ante la que nos visita durante todo el verano. No perd\u00e1is la ocasi\u00f3n de acudir a este <a href=\"\/wp-content\/uploads\/2017\/07\/IMG_20170702_104153.jpg\" target=\"_blank\" rel=\"noopener noreferrer\">tranquilo y fresco<\/a> lugar, rinc\u00f3n desconocido para lugare\u00f1os y for\u00e1neos donde el Tajo, casi sepultado, exhala sus \u00faltimos gritos pidiendo que se le devuelva la vida.<\/p>\n","protected":false},"excerpt":{"rendered":"<p>La C\u00e1mara Bufa es un corredor que da acceso a la visita guiada que los viernes a las 11:00 de la ma\u00f1ana ofrece el Consorcio de Toledo a la cripta y capilla de San Jer\u00f3nimo, en el Convento de las &hellip; <a href=\"http:\/\/tajotoledo.es\/?page_id=1788\">Continuar<\/a><\/p>\n","protected":false},"author":3,"featured_media":0,"parent":0,"menu_order":0,"comment_status":"closed","ping_status":"closed","template":"page-feature.php","meta":[],"_links":{"self":[{"href":"http:\/\/tajotoledo.es\/index.php?rest_route=\/wp\/v2\/pages\/1788"}],"collection":[{"href":"http:\/\/tajotoledo.es\/index.php?rest_route=\/wp\/v2\/pages"}],"about":[{"href":"http:\/\/tajotoledo.es\/index.php?rest_route=\/wp\/v2\/types\/page"}],"author":[{"embeddable":true,"href":"http:\/\/tajotoledo.es\/index.php?rest_route=\/wp\/v2\/users\/3"}],"replies":[{"embeddable":true,"href":"http:\/\/tajotoledo.es\/index.php?rest_route=%2Fwp%2Fv2%2Fcomments&post=1788"}],"version-history":[{"count":8,"href":"http:\/\/tajotoledo.es\/index.php?rest_route=\/wp\/v2\/pages\/1788\/revisions"}],"predecessor-version":[{"id":1801,"href":"http:\/\/tajotoledo.es\/index.php?rest_route=\/wp\/v2\/pages\/1788\/revisions\/1801"}],"wp:attachment":[{"href":"http:\/\/tajotoledo.es\/index.php?rest_route=%2Fwp%2Fv2%2Fmedia&parent=1788"}],"curies":[{"name":"wp","href":"https:\/\/api.w.org\/{rel}","templated":true}]}}