{"id":1641,"date":"2017-05-14T14:29:22","date_gmt":"2017-05-14T12:29:22","guid":{"rendered":"http:\/\/tajotoledo.es\/?page_id=1641"},"modified":"2017-06-10T12:40:53","modified_gmt":"2017-06-10T10:40:53","slug":"accion-ciudadana-de-la-red-de-agua-publica-rap","status":"publish","type":"page","link":"http:\/\/tajotoledo.es\/?page_id=1641","title":{"rendered":"Acci\u00f3n ciudadana de la Red de Agua P\u00fablica (RAP)"},"content":{"rendered":"<p align=\"JUSTIFY\"><span style=\"font-family: Trebuchet MS,sans-serif;\"><a href=\"http:\/\/tajotoledo.es\/wp-content\/uploads\/2017\/05\/Cartel-acci\u00f3n-RAP.jpg\"><img loading=\"lazy\" class=\"size-medium wp-image-1638 alignleft\" src=\"http:\/\/tajotoledo.es\/wp-content\/uploads\/2017\/05\/Cartel-acci\u00f3n-RAP-300x158.jpg\" alt=\"\" width=\"300\" height=\"158\" srcset=\"http:\/\/tajotoledo.es\/wp-content\/uploads\/2017\/05\/Cartel-acci\u00f3n-RAP-300x158.jpg 300w, http:\/\/tajotoledo.es\/wp-content\/uploads\/2017\/05\/Cartel-acci\u00f3n-RAP.jpg 480w\" sizes=\"(max-width: 300px) 100vw, 300px\" \/><\/a><\/span><strong><a href=\"\/wp-content\/uploads\/2017\/05\/Acci%C3%B3n%20contra%20DA27%20de%20la%20LP-2017.pdf\" target=\"_blank\" rel=\"noopener noreferrer\">PDF para distribuci\u00f3n<\/a><\/strong>.<\/p>\n<p align=\"JUSTIFY\"><span style=\"font-family: Trebuchet MS,sans-serif;\">El Movimiento Europeo del Agua, en el que est\u00e1 integrada la Red Agua P\u00fablica (RAP) -organizaci\u00f3n estatal a la que pertenece la Plataforma contra la Privatizaci\u00f3n del Canal de Ysable II (PCPCYII)-, junto con la Federaci\u00f3n Sindical Europea de Servicios P\u00fablicos (EPSU) ha lanzado una <b>campa\u00f1a contra la Disposici\u00f3n Adicional 27 de la Ley de Presupuestos 2017<\/b> que impide emprender procesos de remunicipalizaci\u00f3n de servicios p\u00fablicos de abastecimiento y saneamiento que fueron privatizados en el pasado.<\/span><\/p>\n<p align=\"JUSTIFY\"><span style=\"font-family: Trebuchet MS,sans-serif;\">Estos procesos de remunicipalizaci\u00f3n, que ya emprendieron ciudades europeas pioneras en su privatizaci\u00f3n como Par\u00eds o Berl\u00edn, se est\u00e1n intentado en ciudades espa\u00f1olas como Valladolid, Alc\u00e1zar de San Juan o Tarrasa. En Espa\u00f1a, el actual gobierno del PP est\u00e1 impidi\u00e9ndolo a toda costa.<\/span><\/p>\n<p align=\"JUSTIFY\"><span style=\"font-family: Trebuchet MS,sans-serif;\">Para participar en dicha campa\u00f1a <\/span><span style=\"font-family: Trebuchet MS,sans-serif;\"><b>env\u00eda un correo al Ministro de Hacienda<\/b><\/span><span style=\"font-family: Trebuchet MS,sans-serif;\">, Crist\u00f3bal Montoro, accediendo <\/span><a href=\"http:\/\/right2water.eu\/es\/node\/553\"><span style=\"font-family: Trebuchet MS,sans-serif;\"><b>aqu\u00ed<\/b><\/span><\/a><span style=\"font-family: Trebuchet MS,sans-serif;\">, donde encontrar\u00e1s su direcci\u00f3n y el mensaje que puedes enviar.<\/span><\/p>\n<p align=\"JUSTIFY\"><span style=\"font-family: Trebuchet MS,sans-serif;\"><b>Si eres concejal o concejala te informamos de<\/b> otra l\u00ednea de actuaci\u00f3n que consideramos que puede ser valiosa para conseguir la paralizaci\u00f3n de la DA 27, <b>la<\/b> <b>aprobaci\u00f3n de mociones en los ayuntamientos<\/b> como la presentada en el de Sevilla en defensa de los procesos de municipalizaci\u00f3n, cuyo modelo adjuntamos por si te es de utilidad. <\/span><\/p>\n<p align=\"JUSTIFY\"><span style=\"font-family: Trebuchet MS,sans-serif;\">Durante los pr\u00f3ximos d\u00edas la RAP mantendr\u00e1 reuniones con los grupos pol\u00edticos con representaci\u00f3n parlamentaria y se est\u00e1 preparando un acto en el Congreso del que te informaremos oportunamente, al tiempo que te pediremos ayuda en la difusi\u00f3n de la campa\u00f1a prevista para darlo a conocer. <\/span><\/p>\n<p align=\"JUSTIFY\"><span style=\"font-family: Trebuchet MS,sans-serif;\">Os animamos a que firm\u00e9is la petici\u00f3n, difund\u00e1is esta informaci\u00f3n entre vuestros contactos y, en caso de estar en ayuntamientos, intent\u00e9is que vuestros plenos aprueben mociones similares a la aprobada por el Ayuntamiento de Sevilla.<\/span><\/p>\n<p align=\"JUSTIFY\"><span style=\"font-family: Trebuchet MS,sans-serif;\">Documentos de inter\u00e9s:<\/span><\/p>\n<p align=\"JUSTIFY\"><span style=\"font-family: Trebuchet MS,sans-serif;\"> <a href=\"http:\/\/www.tajotoledo.es\/wp-content\/uploads\/2017\/05\/Consideraciones_Adicionales_DA27.pdf\">Consideraciones a la Disposici\u00f3n Adicional 27 de la Ley de Presupuestos de 2017.<\/a><\/span><\/p>\n<p align=\"JUSTIFY\"><span style=\"font-family: Trebuchet MS,sans-serif;\"> <a href=\"http:\/\/www.tajotoledo.es\/wp-content\/uploads\/2017\/05\/Moci\u00f3nSevilla.pdf\">Esquema de la moci\u00f3n presentada por el Ayuntamiento de Sevilla.<\/a><\/span><\/p>\n<p align=\"JUSTIFY\"><span style=\"font-family: Trebuchet MS,sans-serif;\">Notas de prensa:<\/span><\/p>\n<p align=\"JUSTIFY\"><span style=\"font-family: Trebuchet MS,sans-serif;\"> <a href=\"http:\/\/www.tajotoledo.es\/wp-content\/uploads\/2017\/05\/NotaPrensa3ABR.pdf\">Nota de prensa de la RAP el 3 de abril.<\/a><\/span><\/p>\n<p align=\"JUSTIFY\"><span style=\"font-family: Trebuchet MS,sans-serif;\"> <a href=\"http:\/\/www.tajotoledo.es\/wp-content\/uploads\/2017\/05\/NotaPrensa12MAY.pdf\">Nota de prensa de la RAP el 12 de mayo.<\/a><\/span><\/p>\n<p align=\"JUSTIFY\"><span style=\"font-family: Trebuchet MS,sans-serif;\"> <a href=\"http:\/\/www.tajotoledo.es\/wp-content\/uploads\/2017\/05\/NotaPrensaRAP_MovimientoEuropeaAgua_DEF.pdf\">Nota de prensa RAP \/ Movimiento Europeo del Agua.<\/a><\/span><\/p>\n","protected":false},"excerpt":{"rendered":"<p>PDF para distribuci\u00f3n. El Movimiento Europeo del Agua, en el que est\u00e1 integrada la Red Agua P\u00fablica (RAP) -organizaci\u00f3n estatal a la que pertenece la Plataforma contra la Privatizaci\u00f3n del Canal de Ysable II (PCPCYII)-, junto con la Federaci\u00f3n Sindical &hellip; <a href=\"http:\/\/tajotoledo.es\/?page_id=1641\">Continuar<\/a><\/p>\n","protected":false},"author":3,"featured_media":0,"parent":0,"menu_order":0,"comment_status":"closed","ping_status":"closed","template":"page-feature.php","meta":[],"_links":{"self":[{"href":"http:\/\/tajotoledo.es\/index.php?rest_route=\/wp\/v2\/pages\/1641"}],"collection":[{"href":"http:\/\/tajotoledo.es\/index.php?rest_route=\/wp\/v2\/pages"}],"about":[{"href":"http:\/\/tajotoledo.es\/index.php?rest_route=\/wp\/v2\/types\/page"}],"author":[{"embeddable":true,"href":"http:\/\/tajotoledo.es\/index.php?rest_route=\/wp\/v2\/users\/3"}],"replies":[{"embeddable":true,"href":"http:\/\/tajotoledo.es\/index.php?rest_route=%2Fwp%2Fv2%2Fcomments&post=1641"}],"version-history":[{"count":8,"href":"http:\/\/tajotoledo.es\/index.php?rest_route=\/wp\/v2\/pages\/1641\/revisions"}],"predecessor-version":[{"id":1705,"href":"http:\/\/tajotoledo.es\/index.php?rest_route=\/wp\/v2\/pages\/1641\/revisions\/1705"}],"wp:attachment":[{"href":"http:\/\/tajotoledo.es\/index.php?rest_route=%2Fwp%2Fv2%2Fmedia&parent=1641"}],"curies":[{"name":"wp","href":"https:\/\/api.w.org\/{rel}","templated":true}]}}