{"id":1477,"date":"2017-03-28T14:20:23","date_gmt":"2017-03-28T12:20:23","guid":{"rendered":"http:\/\/tajotoledo.es\/?page_id=1477"},"modified":"2017-04-11T18:14:02","modified_gmt":"2017-04-11T16:14:02","slug":"de-rura-geologica-con-ardeidas","status":"publish","type":"page","link":"http:\/\/tajotoledo.es\/?page_id=1477","title":{"rendered":"De ruta geol\u00f3gica con Ardeidas."},"content":{"rendered":"<p>El domingo<a href=\"\/wp-content\/uploads\/2017\/03\/I%20RUTA%20GEOL%C3%93GICA%20RAFAEL%20RODRIGUEZ%20CALDER%C3%93N.pdf\" target=\"_blank\"><img loading=\"lazy\" class=\"alignleft size-medium wp-image-1475\" src=\"http:\/\/tajotoledo.es\/wp-content\/uploads\/2017\/03\/Ardeidas-1-300x127.jpg\" alt=\"\" width=\"300\" height=\"127\" srcset=\"http:\/\/tajotoledo.es\/wp-content\/uploads\/2017\/03\/Ardeidas-1-300x127.jpg 300w, http:\/\/tajotoledo.es\/wp-content\/uploads\/2017\/03\/Ardeidas-1-768x325.jpg 768w, http:\/\/tajotoledo.es\/wp-content\/uploads\/2017\/03\/Ardeidas-1.jpg 873w\" sizes=\"(max-width: 300px) 100vw, 300px\" \/><\/a> 9 de abril la <a href=\"http:\/\/ardeidas.blogspot.com.es\/\" target=\"_blank\">Asociaci\u00f3n Ardeidas<\/a> de Talavera de la Reina ha programado una <a href=\"\/wp-content\/uploads\/2017\/03\/I%20RUTA%20GEOL%C3%93GICA%20RAFAEL%20RODRIGUEZ%20CALDER%C3%93N.pdf\" target=\"_blank\">ruta geol\u00f3gica<\/a> que recorrer\u00e1 el torno del Tajo en Toledo por la senda al pie del r\u00edo y luego visitar\u00e1 el monumento geol\u00f3gico de Las Barrancas.<\/p>\n<p>A esta actividad nos han invitado a la Plataforma de Toledo en Defensa del Tajo para que lo hagamos extensivo a toda la ciudadan\u00eda de Toledo y brindarnos as\u00ed la oportunidad de conocer mejor el entono natural que no por m\u00e1s cercano observamos, conocemos, valoramos y disfrutamos mejor.<\/p>\n<p>Es un gesto al que rendimos nuestro mayor agradecimiento. Por una parte por elegir nuestra ciudad y sus encantos naturales para, adem\u00e1s, dedicar estas rutas a uno de sus socios m\u00e1s valedores y compa\u00f1ero de viaje ya fallecido, Rafael Rodr\u00edguez Calder\u00f3n. Por otra, por compartir el conocimiento y la admiraci\u00f3n de un lugar tan emblem\u00e1tico y enigm\u00e1tico como es el torno del Tajo en Toledo, al que nos ayudar\u00e1n a descubrir y contemplar para mayor aprecio por nuestro r\u00edo.<\/p>\n<p><a href=\"https:\/\/tajotoledo.es\/?p=1510\" target=\"_blank\"><strong>CR\u00d3NICA DE LA JORNADA<\/strong><\/a><\/p>\n<p>&nbsp;<\/p>\n<p><strong>Lugar de encuentro<\/strong>: Aparcamiento de Safont, junto a Estaci\u00f3n de Autobuses.<\/p>\n<p><strong>D\u00eda<\/strong>: Domingo 9 de abril.<\/p>\n<p><strong>Hora<\/strong>: 10:00.<\/p>\n<p><strong>Recorrido<\/strong>: Recorreremos toda la senda del torno del r\u00edo entre los puentes de Alc\u00e1ntara y de San Mart\u00edn, haciendo paradas en todos aquellos lugares desde donde apreciar y comentar diferentes cualidades geol\u00f3gicas asociadas a este espacio. Seg\u00fan el tiempo empleado, comeremos en alg\u00fan lugar cercano al r\u00edo o emprenderemos viaje al embalse de Castrej\u00f3n en coches particulares para comer all\u00ed y hacer la Ruta de las Barrancas. No existe hora definida de finalizaci\u00f3n, ya que se trata de observar, atender e interpretar todas las curiosidades que vayamos encontrando por el camino.<\/p>\n<p><strong>Recomendaciones<\/strong>: Llevar ropa y calzado deportivos, c\u00f3modos y ligeros; prism\u00e1ticos y c\u00e1mara de fotos; comida y bebida para tomar en el campo; gorra y protector. La previsi\u00f3n de tiempo indica poca probabilidad de lluvia, d\u00eda soleado con nubes, temperatura m\u00e1xima de 25 grados y ligero viento del este. El tiempo, siempre acompa\u00f1a.<\/p>\n<p>El desplazamiento a Las Barrancas lo haremos en coches particulares voluntarios.<\/p>\n<p>&nbsp;<\/p>\n<p>&nbsp;<\/p>\n","protected":false},"excerpt":{"rendered":"<p>El domingo 9 de abril la Asociaci\u00f3n Ardeidas de Talavera de la Reina ha programado una ruta geol\u00f3gica que recorrer\u00e1 el torno del Tajo en Toledo por la senda al pie del r\u00edo y luego visitar\u00e1 el monumento geol\u00f3gico de &hellip; <a href=\"http:\/\/tajotoledo.es\/?page_id=1477\">Continuar<\/a><\/p>\n","protected":false},"author":3,"featured_media":0,"parent":0,"menu_order":0,"comment_status":"closed","ping_status":"closed","template":"page-feature.php","meta":[],"_links":{"self":[{"href":"http:\/\/tajotoledo.es\/index.php?rest_route=\/wp\/v2\/pages\/1477"}],"collection":[{"href":"http:\/\/tajotoledo.es\/index.php?rest_route=\/wp\/v2\/pages"}],"about":[{"href":"http:\/\/tajotoledo.es\/index.php?rest_route=\/wp\/v2\/types\/page"}],"author":[{"embeddable":true,"href":"http:\/\/tajotoledo.es\/index.php?rest_route=\/wp\/v2\/users\/3"}],"replies":[{"embeddable":true,"href":"http:\/\/tajotoledo.es\/index.php?rest_route=%2Fwp%2Fv2%2Fcomments&post=1477"}],"version-history":[{"count":6,"href":"http:\/\/tajotoledo.es\/index.php?rest_route=\/wp\/v2\/pages\/1477\/revisions"}],"predecessor-version":[{"id":1520,"href":"http:\/\/tajotoledo.es\/index.php?rest_route=\/wp\/v2\/pages\/1477\/revisions\/1520"}],"wp:attachment":[{"href":"http:\/\/tajotoledo.es\/index.php?rest_route=%2Fwp%2Fv2%2Fmedia&parent=1477"}],"curies":[{"name":"wp","href":"https:\/\/api.w.org\/{rel}","templated":true}]}}