{"id":1018,"date":"2016-07-13T11:57:05","date_gmt":"2016-07-13T10:57:05","guid":{"rendered":"http:\/\/tajotoledo.es\/?page_id=1018"},"modified":"2021-07-14T19:49:23","modified_gmt":"2021-07-14T17:49:23","slug":"informe-del-comite-de-peticiones-de-la-u-e","status":"publish","type":"page","link":"http:\/\/tajotoledo.es\/?page_id=1018","title":{"rendered":"Informes para sanear el Tajo"},"content":{"rendered":"<div>\n<h5 style=\"text-align: center;\"><strong>(Si observas que alg\u00fan enlace no funciona, <a href=\"http:\/\/tajotoledo.es\/?page_id=406\" target=\"_blank\" rel=\"noopener noreferrer\">h\u00e1znoslo saber<\/a>. Gracias.)<\/strong><\/h5>\n<\/div>\n<div><a href=\"\/wp-content\/uploads\/2020\/07\/PROPUESTA%20AMREEB%20REGLA%20EXP.pdf\" target=\"_blank\" rel=\"noopener noreferrer\">20200707 &#8211; <span id=\"page3R_mcid3\" class=\"markedContent\"><span dir=\"ltr\">PROPUESTA <\/span><span dir=\"ltr\">AMREEB <\/span><span dir=\"ltr\">DE MEJORA DE LAS REGLAS DE <\/span><span dir=\"ltr\">EXPLOTACI\u00d3N DEL TRASVASE TAJO<\/span><span dir=\"ltr\">&#8211;<\/span><span dir=\"ltr\">SEGURA (38 p\u00e1g.).<\/span><\/span><\/a><\/div>\n<p>&nbsp;<\/p>\n<div><a href=\"\/wp-content\/uploads\/2020\/07\/RESUMEN%20PROPUESTA%20AMREEB%20REGLA%20EXP.pdf\" target=\"_blank\" rel=\"noopener noreferrer\">20200707 &#8211; <span id=\"page3R_mcid0\" class=\"markedContent\"><span dir=\"ltr\">Resumen ejecutivo de la <\/span><span dir=\"ltr\">PROPUESTA <\/span><span dir=\"ltr\">AMREEB <\/span><span dir=\"ltr\">DE MEJORA DE <\/span><span dir=\"ltr\">LAS REGLAS DE EXPLOTACI\u00d3N DEL TRASVASE TAJO<\/span><span dir=\"ltr\">&#8211;<\/span><span dir=\"ltr\">SEGURA<\/span><\/span> (5 p\u00e1g.).<\/a><\/div>\n<p>&nbsp;<\/p>\n<div><a href=\"\/wp-content\/uploads\/2016\/07\/20150309%20-%20Recomendaciones%20UE%20para%20segundo%20ciclo%20de%20planificaci\u00f3n.pdf\" target=\"_blank\" rel=\"noopener noreferrer\">20150309 &#8211; Resumen de recomendaciones de la Comisi\u00f3n Europea al Gobierno de Espa\u00f1a para el ciclo de Planificaci\u00f3n 2016-2021, (marzo,2015)<\/a>.\u00a0<strong> VER INFORME:<\/strong><a href=\"\/wp-content\/uploads\/2016\/07\/20150309%20-%20Informe%20CE%20a%20Espa\u00f1a%20de%20aplicaci\u00f3n%20planes%20cuenca%20-Ingl\u00e9s.pdf\" target=\"_blank\" rel=\"noopener noreferrer\"> (Ingl\u00e9s)<\/a> &#8211; <a href=\"\/wp-content\/uploads\/2016\/07\/20150309%20-%20Informe%20CE%20a%20Espa\u00f1a%20de%20aplicaci\u00f3n%20planes%20cuenca%20-%20Castellano.pdf\" target=\"_blank\" rel=\"noopener noreferrer\">(Castellano)<\/a>.<\/div>\n<p>&nbsp;<\/p>\n<div><a href=\"\/wp-content\/uploads\/2016\/09\/Informe%20Eurodiputados%20-%20Definitivo%20-%201100929ES.pdf\" target=\"_blank\" rel=\"noopener noreferrer\">20160713 &#8211; COMISI\u00d3N DE PETICIONES DEL PARLAMENTO EUROPEO: Informe de misi\u00f3n y recomendaciones a ra\u00edz de la visita de inspecci\u00f3n realizada en Espa\u00f1a del 8 al 10 de febrero de 2016<\/a> : <strong><span style=\"color: #0000ff;\"><a href=\"\/wp-content\/uploads\/2016\/09\/Informe%20Eurodiputados%20-%20Definitivo%20-%201100929ES.pdf\" target=\"_blank\" rel=\"noopener noreferrer\">ACCESO AL INFORME<\/a> (<a href=\"http:\/\/www.polcms.europarl.europa.eu\/cmsdata\/upload\/b1f9c286-835b-477c-9b74-1c248b3d6c81\/1100929ES.doc\" target=\"_blank\" rel=\"noopener noreferrer\">Web PE<\/a>) \u00a0\u00a0\u00a0\u00a0\u00a0\u00a0\u00a0<a href=\"http:\/\/www.europarl.europa.eu\/news\/en\/news-room\/20160706IPR35821\/Committee-on-Petitions-13072016-(AM)\" target=\"_blank\" rel=\"noopener noreferrer\"> ACCESO A LA VOTACI\u00d3N<\/a>\u00a0\u00a0\u00a0\u00a0\u00a0\u00a0\u00a0\u00a0\u00a0\u00a0 <a href=\"\/wp-content\/uploads\/2016\/07\/ECO%20EN%20PRENSA%20SOBRE%20EL%20INFORME%20DE%20LA%20VISITA%20DE%20EURODIPUTADOS%20AL%20TAJO.pdf\" target=\"_blank\" rel=\"noopener noreferrer\">ECO EN PRENSA<\/a><\/span><\/strong><\/div>\n<p>&nbsp;<\/p>\n<p><a href=\"\/wp-content\/uploads\/2018\/01\/20180116%20Propuestas%20politica%20sostenible%20agua%20FNCA.pdf\" target=\"_blank\" rel=\"noopener noreferrer\">20180116 &#8211; Propuestas de politica sostenible del agua<\/a> (FNCA)<\/p>\n<p><a href=\"https:\/\/fnca.eu\/82-ultimas-noticias\/1151-presentacion-del-acuerdo-social-por-el-agua-en-defensa-de-nuestros-rios-y-por-el-agua-publica\" target=\"_blank\" rel=\"noopener noreferrer\">20180322 &#8211; Acuerdo Social del Agua en Defensa de Nuestros R\u00edos y por el Agua P\u00fablica<\/a><\/p>\n<p>20200723 &#8211; <a href=\"\/wp-content\/uploads\/2020\/07\/PROPUESTA%20AMREEB%20REGLA%20EXP.pdf\" target=\"_blank\" rel=\"noopener noreferrer\">Propuesta Regla Explotaci\u00f3n AMREEB<\/a> &#8211; <a href=\"\/wp-content\/uploads\/2020\/07\/RESUMEN%20PROPUESTA%20AMREEB%20REGLA%20EXP.pdf\" target=\"_blank\" rel=\"noopener noreferrer\">Resumen<\/a> ejecutivo (Grupo de Investigaci\u00f3n del Tajo).<\/p>\n","protected":false},"excerpt":{"rendered":"<p>(Si observas que alg\u00fan enlace no funciona, h\u00e1znoslo saber. Gracias.) 20200707 &#8211; PROPUESTA AMREEB DE MEJORA DE LAS REGLAS DE EXPLOTACI\u00d3N DEL TRASVASE TAJO&#8211;SEGURA (38 p\u00e1g.). &nbsp; 20200707 &#8211; Resumen ejecutivo de la PROPUESTA AMREEB DE MEJORA DE LAS REGLAS &hellip; <a href=\"http:\/\/tajotoledo.es\/?page_id=1018\">Continuar<\/a><\/p>\n","protected":false},"author":3,"featured_media":0,"parent":22,"menu_order":0,"comment_status":"closed","ping_status":"closed","template":"page-feature.php","meta":[],"_links":{"self":[{"href":"http:\/\/tajotoledo.es\/index.php?rest_route=\/wp\/v2\/pages\/1018"}],"collection":[{"href":"http:\/\/tajotoledo.es\/index.php?rest_route=\/wp\/v2\/pages"}],"about":[{"href":"http:\/\/tajotoledo.es\/index.php?rest_route=\/wp\/v2\/types\/page"}],"author":[{"embeddable":true,"href":"http:\/\/tajotoledo.es\/index.php?rest_route=\/wp\/v2\/users\/3"}],"replies":[{"embeddable":true,"href":"http:\/\/tajotoledo.es\/index.php?rest_route=%2Fwp%2Fv2%2Fcomments&post=1018"}],"version-history":[{"count":35,"href":"http:\/\/tajotoledo.es\/index.php?rest_route=\/wp\/v2\/pages\/1018\/revisions"}],"predecessor-version":[{"id":3756,"href":"http:\/\/tajotoledo.es\/index.php?rest_route=\/wp\/v2\/pages\/1018\/revisions\/3756"}],"up":[{"embeddable":true,"href":"http:\/\/tajotoledo.es\/index.php?rest_route=\/wp\/v2\/pages\/22"}],"wp:attachment":[{"href":"http:\/\/tajotoledo.es\/index.php?rest_route=%2Fwp%2Fv2%2Fmedia&parent=1018"}],"curies":[{"name":"wp","href":"https:\/\/api.w.org\/{rel}","templated":true}]}}